CRAN Package Check Results for Package osmclass

Last updated on 2024-03-02 16:54:52 CET.

Flavor Version Tinstall Tcheck Ttotal Status Flags
r-devel-linux-x86_64-debian-clang 0.1.3 3.74 35.98 39.72 OK
r-devel-linux-x86_64-debian-gcc 0.1.3 2.76 27.12 29.88 OK
r-devel-linux-x86_64-fedora-clang 0.1.3 50.44 NOTE
r-devel-linux-x86_64-fedora-gcc 0.1.3 47.71 NOTE
r-devel-windows-x86_64 0.1.3 4.00 51.00 55.00 OK
r-patched-linux-x86_64 0.1.3 3.58 34.61 38.19 OK
r-release-linux-x86_64 0.1.3 3.28 34.98 38.26 OK
r-release-macos-arm64 0.1.3 23.00 OK
r-release-macos-x86_64 0.1.3 46.00 OK
r-release-windows-x86_64 0.1.3 4.00 51.00 55.00 OK
r-oldrel-macos-arm64 0.1.3 24.00 OK
r-oldrel-windows-x86_64 0.1.3 6.00 56.00 62.00 OK

Check Details

Version: 0.1.3
Check: data for non-ASCII characters
Result: NOTE Note: found 5889 marked UTF-8 strings Flavors: r-devel-linux-x86_64-fedora-clang, r-devel-linux-x86_64-fedora-gcc