CRAN Package Check Results for Package oscar

Last updated on 2024-03-01 16:49:27 CET.

Flavor Version Tinstall Tcheck Ttotal Status Flags
r-devel-linux-x86_64-debian-clang 1.2.1 63.04 88.76 151.80 NOTE
r-devel-linux-x86_64-debian-gcc 1.2.1 53.31 66.71 120.02 NOTE
r-devel-linux-x86_64-fedora-clang 1.2.1 197.77 NOTE
r-devel-linux-x86_64-fedora-gcc 1.2.1 218.67 NOTE
r-devel-windows-x86_64 1.2.1 43.00 95.00 138.00 OK
r-patched-linux-x86_64 1.2.1 59.83 85.92 145.75 OK
r-release-linux-x86_64 1.2.1 53.14 85.01 138.15 OK
r-release-macos-arm64 1.2.1 69.00 OK
r-release-macos-x86_64 1.2.1 217.00 OK
r-release-windows-x86_64 1.2.1 56.00 108.00 164.00 OK
r-oldrel-macos-arm64 1.2.1 106.00 OK
r-oldrel-windows-x86_64 1.2.1 56.00 104.00 160.00 OK

Check Details

Version: 1.2.1
Check: Rd files
Result: NOTE checkRd: (-1) oscar.Rd:44: Lost braces; missing escapes or markup? 44 | \item{print}{Level of verbosity in Fortran (may not be visible on all terminals); should be an integer between {range, range}, Default: 3} | ^ checkRd: (-1) oscar.control.Rd:41: Lost braces; missing escapes or markup? 41 | \item{start}{Starting point generation method, see vignettes for details; should be an integer between {range,range}, Default: 2} | ^ Flavors: r-devel-linux-x86_64-debian-clang, r-devel-linux-x86_64-debian-gcc, r-devel-linux-x86_64-fedora-clang, r-devel-linux-x86_64-fedora-gcc