Last updated on 2023-12-03 04:56:15 CET.
Flavor | Version | Tinstall | Tcheck | Ttotal | Status | Flags |
---|---|---|---|---|---|---|
r-devel-linux-x86_64-debian-clang | 0.2.7 | 10.94 | 92.44 | 103.38 | NOTE | |
r-devel-linux-x86_64-debian-gcc | 0.2.7 | 8.66 | 70.45 | 79.11 | NOTE | |
r-devel-linux-x86_64-fedora-clang | 0.2.7 | 135.66 | OK | |||
r-devel-linux-x86_64-fedora-gcc | 0.2.7 | 128.32 | OK | |||
r-devel-windows-x86_64 | 0.2.7 | 9.00 | 81.00 | 90.00 | OK | |
r-patched-linux-x86_64 | 0.2.7 | 10.03 | 89.67 | 99.70 | OK | |
r-release-linux-x86_64 | 0.2.7 | 8.85 | 89.32 | 98.17 | OK | |
r-release-macos-arm64 | 0.2.7 | 38.00 | OK | |||
r-release-macos-x86_64 | 0.2.7 | 65.00 | OK | |||
r-release-windows-x86_64 | 0.2.7 | 12.00 | 95.00 | 107.00 | OK | |
r-oldrel-macos-arm64 | 0.2.7 | 30.00 | OK | |||
r-oldrel-macos-x86_64 | 0.2.7 | 49.00 | OK | |||
r-oldrel-windows-x86_64 | 0.2.7 | 11.00 | 95.00 | 106.00 | OK |
Version: 0.2.7
Check: Rd files
Result: NOTE
checkRd: (-1) hillEquation.Rd:29: Lost braces in \itemize; \value handles \item{}{} directly
checkRd: (-1) hillEquation.Rd:30: Lost braces in \itemize; \value handles \item{}{} directly
checkRd: (-1) hillEquation.Rd:30-31: Lost braces in \itemize; \value handles \item{}{} directly
checkRd: (-1) hillEquation.Rd:31: Lost braces in \itemize; \value handles \item{}{} directly
checkRd: (-1) hillEquation.Rd:32: Lost braces in \itemize; \value handles \item{}{} directly
checkRd: (-1) hillEquation.Rd:33: Lost braces in \itemize; \value handles \item{}{} directly
checkRd: (-1) hillEquation.Rd:34: Lost braces in \itemize; \value handles \item{}{} directly
checkRd: (-1) hillEquation.Rd:35: Lost braces in \itemize; \value handles \item{}{} directly
checkRd: (-1) qiba.Rd:81-83: Lost braces in \itemize; \value handles \item{}{} directly
checkRd: (-1) qiba.Rd:84-85: Lost braces in \itemize; \value handles \item{}{} directly
checkRd: (-1) qiba.Rd:86-87: Lost braces in \itemize; \value handles \item{}{} directly
checkRd: (-1) qiba.Rd:88-90: Lost braces in \itemize; \value handles \item{}{} directly
checkRd: (-1) qiba.Rd:91-93: Lost braces in \itemize; \value handles \item{}{} directly
Flavors: r-devel-linux-x86_64-debian-clang, r-devel-linux-x86_64-debian-gcc