Last updated on 2023-12-08 05:02:11 CET.
Flavor | Version | Tinstall | Tcheck | Ttotal | Status | Flags |
---|---|---|---|---|---|---|
r-devel-linux-x86_64-debian-clang | 0.11.4 | 18.34 | 124.46 | 142.80 | OK | |
r-devel-linux-x86_64-debian-gcc | 0.11.4 | 14.87 | 96.11 | 110.98 | OK | |
r-devel-linux-x86_64-fedora-clang | 0.11.4 | 185.82 | NOTE | |||
r-devel-linux-x86_64-fedora-gcc | 0.11.4 | 182.84 | OK | |||
r-devel-windows-x86_64 | 0.11.4 | 18.00 | 134.00 | 152.00 | NOTE | |
r-patched-linux-x86_64 | 0.11.4 | 23.92 | 125.15 | 149.07 | OK | |
r-release-linux-x86_64 | 0.11.4 | 19.47 | 120.14 | 139.61 | OK | |
r-release-macos-arm64 | 0.11.4 | 51.00 | NOTE | |||
r-release-macos-x86_64 | 0.11.4 | 90.00 | NOTE | |||
r-release-windows-x86_64 | 0.11.4 | 23.00 | 161.00 | 184.00 | NOTE | |
r-oldrel-macos-arm64 | 0.11.4 | 48.00 | NOTE | |||
r-oldrel-macos-x86_64 | 0.11.4 | 67.00 | NOTE | |||
r-oldrel-windows-x86_64 | 0.11.4 | 25.00 | 134.00 | 159.00 | NOTE |
Version: 0.11.4
Check: installed package size
Result: NOTE
installed size is 6.7Mb
sub-directories of 1Mb or more:
R 1.0Mb
nifti 3.8Mb
Flavors: r-devel-linux-x86_64-fedora-clang, r-devel-windows-x86_64, r-release-macos-arm64, r-release-macos-x86_64, r-release-windows-x86_64, r-oldrel-macos-arm64, r-oldrel-macos-x86_64, r-oldrel-windows-x86_64