CRAN Package Check Results for Package origami

Last updated on 2020-08-04 03:47:58 CEST.

Flavor Version Tinstall Tcheck Ttotal Status Flags
r-devel-linux-x86_64-debian-clang 1.0.3 3.17 79.83 83.00 OK
r-devel-linux-x86_64-debian-gcc 1.0.3 2.67 56.32 58.99 OK
r-devel-linux-x86_64-fedora-clang 1.0.3 102.79 NOTE
r-devel-linux-x86_64-fedora-gcc 1.0.3 95.69 OK
r-devel-windows-ix86+x86_64 1.0.3 13.00 83.00 96.00 OK
r-patched-linux-x86_64 1.0.3 3.07 78.10 81.17 OK
r-patched-solaris-x86 1.0.3 130.50 OK
r-release-linux-x86_64 1.0.3 2.90 78.23 81.13 OK
r-release-macos-x86_64 1.0.3 OK
r-release-windows-ix86+x86_64 1.0.3 13.00 119.00 132.00 OK
r-oldrel-macos-x86_64 1.0.3 OK
r-oldrel-windows-ix86+x86_64 1.0.3 6.00 90.00 96.00 OK

Check Details

Version: 1.0.3
Check: Rd cross-references
Result: NOTE
    Undeclared package ‘glmnet’ in Rd xrefs
Flavor: r-devel-linux-x86_64-fedora-clang