CRAN Package Check Results for Package orgutils

Last updated on 2020-08-06 15:49:40 CEST.

Flavor Version Tinstall Tcheck Ttotal Status Flags
r-devel-linux-x86_64-debian-clang 0.4-1 1.88 22.40 24.28 OK
r-devel-linux-x86_64-debian-gcc 0.4-1 1.61 17.58 19.19 OK
r-devel-linux-x86_64-fedora-clang 0.4-1 37.54 NOTE
r-devel-linux-x86_64-fedora-gcc 0.4-1 28.79 OK
r-devel-windows-ix86+x86_64 0.4-1 9.00 41.00 50.00 OK
r-patched-linux-x86_64 0.4-1 2.03 21.87 23.90 OK
r-patched-solaris-x86 0.4-1 43.60 OK
r-release-linux-x86_64 0.4-1 2.07 22.00 24.07 OK
r-release-macos-x86_64 0.4-1 OK
r-release-windows-ix86+x86_64 0.4-1 6.00 40.00 46.00 OK
r-oldrel-macos-x86_64 0.4-1 OK
r-oldrel-windows-ix86+x86_64 0.4-1 4.00 36.00 40.00 OK

Check Details

Version: 0.4-1
Check: Rd cross-references
Result: NOTE
    Undeclared package ‘microplot’ in Rd xrefs
Flavor: r-devel-linux-x86_64-fedora-clang