CRAN Package Check Results for Package org

Last updated on 2020-08-06 15:49:40 CEST.

Flavor Version Tinstall Tcheck Ttotal Status Flags
r-devel-linux-x86_64-debian-clang 2019.4.2 2.04 22.79 24.83 NOTE
r-devel-linux-x86_64-debian-gcc 2019.4.2 1.43 17.92 19.35 NOTE
r-devel-linux-x86_64-fedora-clang 2019.4.2 38.41 OK
r-devel-linux-x86_64-fedora-gcc 2019.4.2 29.45 OK
r-devel-windows-ix86+x86_64 2019.4.2 9.00 38.00 47.00 NOTE
r-patched-linux-x86_64 2019.4.2 1.94 22.48 24.42 NOTE
r-patched-solaris-x86 2019.4.2 46.50 OK
r-release-linux-x86_64 2019.4.2 1.80 22.64 24.44 NOTE
r-release-macos-x86_64 2019.4.2 OK
r-release-windows-ix86+x86_64 2019.4.2 9.00 47.00 56.00 NOTE
r-oldrel-macos-x86_64 2019.4.2 OK
r-oldrel-windows-ix86+x86_64 2019.4.2 4.00 36.00 40.00 OK

Check Details

Version: 2019.4.2
Check: package vignettes
Result: NOTE
    Package vignette with placeholder title 'Vignette Title':
     'intro.Rmd'
Flavors: r-devel-linux-x86_64-debian-clang, r-devel-linux-x86_64-debian-gcc, r-devel-windows-ix86+x86_64, r-patched-linux-x86_64, r-release-linux-x86_64, r-release-windows-ix86+x86_64