CRAN Package Check Results for Package ordr

Last updated on 2024-03-02 16:54:52 CET.

Flavor Version Tinstall Tcheck Ttotal Status Flags
r-devel-linux-x86_64-debian-clang 0.1.1 10.92 132.01 142.93 NOTE
r-devel-linux-x86_64-debian-gcc 0.1.1 11.61 100.70 112.31 NOTE
r-devel-linux-x86_64-fedora-clang 0.1.1 191.33 NOTE
r-devel-linux-x86_64-fedora-gcc 0.1.1 186.78 NOTE
r-devel-windows-x86_64 0.1.1 12.00 121.00 133.00 OK
r-patched-linux-x86_64 0.1.1 21.21 127.25 148.46 OK
r-release-linux-x86_64 0.1.1 7.88 129.36 137.24 OK
r-release-macos-arm64 0.1.1 58.00 OK
r-release-macos-x86_64 0.1.1 84.00 OK
r-release-windows-x86_64 0.1.1 17.00 149.00 166.00 OK
r-oldrel-macos-arm64 0.1.1 53.00 NOTE
r-oldrel-windows-x86_64 0.1.1 17.00 146.00 163.00 OK

Check Details

Version: 0.1.1
Check: Rd files
Result: NOTE checkRd: (-1) lra-ord.Rd:54: Lost braces in \itemize; \value handles \item{}{} directly checkRd: (-1) lra-ord.Rd:55-56: Lost braces in \itemize; \value handles \item{}{} directly checkRd: (-1) lra-ord.Rd:57-58: Lost braces in \itemize; \value handles \item{}{} directly checkRd: (-1) lra-ord.Rd:59: Lost braces in \itemize; \value handles \item{}{} directly checkRd: (-1) lra-ord.Rd:60: Lost braces in \itemize; \value handles \item{}{} directly Flavors: r-devel-linux-x86_64-debian-clang, r-devel-linux-x86_64-debian-gcc, r-devel-linux-x86_64-fedora-clang, r-devel-linux-x86_64-fedora-gcc

Version: 0.1.1
Check: Rd cross-references
Result: NOTE Undeclared package ‘pillar’ in Rd xrefs Flavor: r-devel-linux-x86_64-fedora-clang

Version: 0.1.1
Check: data for non-ASCII characters
Result: NOTE Note: found 4 marked UTF-8 strings Flavors: r-devel-linux-x86_64-fedora-clang, r-devel-linux-x86_64-fedora-gcc, r-oldrel-macos-arm64