Last updated on 2025-01-21 16:50:16 CET.
Flavor | Version | Tinstall | Tcheck | Ttotal | Status | Flags |
---|---|---|---|---|---|---|
r-devel-linux-x86_64-debian-clang | 0.1.1 | 46.24 | 343.17 | 389.41 | OK | |
r-devel-linux-x86_64-debian-gcc | 0.1.1 | 34.61 | 246.98 | 281.59 | OK | |
r-devel-linux-x86_64-fedora-clang | 0.1.1 | 655.87 | NOTE | |||
r-devel-linux-x86_64-fedora-gcc | 0.1.1 | 641.63 | NOTE | |||
r-devel-windows-x86_64 | 0.1.1 | 39.00 | 466.00 | 505.00 | OK | |
r-patched-linux-x86_64 | 0.1.1 | 39.47 | 323.98 | 363.45 | OK | |
r-release-linux-x86_64 | 0.1.1 | 47.99 | 319.80 | 367.79 | OK | |
r-release-macos-arm64 | 0.1.1 | 208.00 | OK | |||
r-release-macos-x86_64 | 0.1.1 | 312.00 | OK | |||
r-release-windows-x86_64 | 0.1.1 | 39.00 | 468.00 | 507.00 | OK | |
r-oldrel-macos-arm64 | 0.1.1 | 243.00 | OK | |||
r-oldrel-macos-x86_64 | 0.1.1 | 349.00 | OK | |||
r-oldrel-windows-x86_64 | 0.1.1 | 56.00 | 590.00 | 646.00 | OK |
Version: 0.1.1
Check: dependencies in R code
Result: NOTE
Namespace in Imports field not imported from: ‘devtools’
All declared Imports should be used.
Flavors: r-devel-linux-x86_64-fedora-clang, r-devel-linux-x86_64-fedora-gcc