CRAN Package Check Results for Package optimx

Last updated on 2024-06-13 16:49:17 CEST.

Flavor Version Tinstall Tcheck Ttotal Status Flags
r-devel-linux-x86_64-debian-clang 2023-10.21 14.41 111.47 125.88 OK
r-devel-linux-x86_64-debian-gcc 2023-10.21 0.71 1.89 2.60 ERROR
r-devel-linux-x86_64-fedora-clang 2023-10.21 152.96 OK
r-devel-linux-x86_64-fedora-gcc 2023-10.21 155.90 OK
r-devel-windows-x86_64 2023-10.21 12.00 98.00 110.00 OK
r-patched-linux-x86_64 2023-10.21 10.93 104.91 115.84 OK
r-release-linux-x86_64 2023-10.21 9.30 104.60 113.90 OK
r-release-macos-arm64 2023-10.21 49.00 OK
r-release-macos-x86_64 2023-10.21 72.00 OK
r-release-windows-x86_64 2023-10.21 12.00 102.00 114.00 OK
r-oldrel-macos-arm64 2023-10.21 52.00 OK
r-oldrel-macos-x86_64 2023-10.21 97.00 OK
r-oldrel-windows-x86_64 2023-10.21 16.00 116.00 132.00 OK

Check Details

Version: 2023-10.21
Check: package dependencies
Result: ERROR Package required but not available: ‘nloptr’ Package suggested but not available for checking: ‘testthat’ See section ‘The DESCRIPTION file’ in the ‘Writing R Extensions’ manual. Flavor: r-devel-linux-x86_64-debian-gcc