CRAN Package Check Results for Package optimbase

Last updated on 2020-08-11 15:48:44 CEST.

Flavor Version Tinstall Tcheck Ttotal Status Flags
r-devel-linux-x86_64-debian-clang 1.0-9 7.42 67.03 74.45 NOTE
r-devel-linux-x86_64-debian-gcc 1.0-9 6.73 51.87 58.60 NOTE
r-devel-linux-x86_64-fedora-clang 1.0-9 98.66 NOTE
r-devel-linux-x86_64-fedora-gcc 1.0-9 90.71 NOTE
r-devel-windows-ix86+x86_64 1.0-9 20.00 105.00 125.00 NOTE
r-patched-linux-x86_64 1.0-9 7.88 66.72 74.60 NOTE
r-patched-solaris-x86 1.0-9 128.10 NOTE
r-release-linux-x86_64 1.0-9 8.68 65.94 74.62 NOTE
r-release-macos-x86_64 1.0-9 NOTE
r-release-windows-ix86+x86_64 1.0-9 16.00 76.00 92.00 NOTE
r-oldrel-macos-x86_64 1.0-9 NOTE
r-oldrel-windows-ix86+x86_64 1.0-9 15.00 96.00 111.00 NOTE

Check Details

Version: 1.0-9
Check: R code for possible problems
Result: NOTE
    print.optimbase: no visible global function definition for 'str'
    Undefined global functions or variables:
     str
    Consider adding
     importFrom("utils", "str")
    to your NAMESPACE file.
Flavors: r-devel-linux-x86_64-debian-clang, r-devel-linux-x86_64-debian-gcc, r-devel-linux-x86_64-fedora-clang, r-devel-linux-x86_64-fedora-gcc, r-devel-windows-ix86+x86_64, r-patched-linux-x86_64, r-patched-solaris-x86, r-release-linux-x86_64, r-release-macos-x86_64, r-release-windows-ix86+x86_64, r-oldrel-macos-x86_64, r-oldrel-windows-ix86+x86_64