Last updated on 2023-12-02 16:49:22 CET.
Flavor | Version | Tinstall | Tcheck | Ttotal | Status | Flags |
---|---|---|---|---|---|---|
r-devel-linux-x86_64-debian-clang | 0.1 | 2.71 | 23.33 | 26.04 | NOTE | |
r-devel-linux-x86_64-debian-gcc | 0.1 | 2.15 | 18.44 | 20.59 | NOTE | |
r-devel-linux-x86_64-fedora-clang | 0.1 | 34.01 | NOTE | |||
r-devel-linux-x86_64-fedora-gcc | 0.1 | 31.91 | NOTE | |||
r-devel-windows-x86_64 | 0.1 | 3.00 | 45.00 | 48.00 | NOTE | |
r-patched-linux-x86_64 | 0.1 | 2.07 | 23.40 | 25.47 | NOTE | |
r-release-linux-x86_64 | 0.1 | 2.31 | 22.88 | 25.19 | NOTE | |
r-release-macos-arm64 | 0.1 | 19.00 | NOTE | |||
r-release-macos-x86_64 | 0.1 | 20.00 | NOTE | |||
r-release-windows-x86_64 | 0.1 | 4.00 | 44.00 | 48.00 | NOTE | |
r-oldrel-macos-arm64 | 0.1 | 16.00 | NOTE | |||
r-oldrel-macos-x86_64 | 0.1 | 24.00 | NOTE | |||
r-oldrel-windows-x86_64 | 0.1 | 4.00 | 48.00 | 52.00 | NOTE |
Version: 0.1
Check: LazyData
Result: NOTE
'LazyData' is specified without a 'data' directory
Flavors: r-devel-linux-x86_64-debian-clang, r-devel-linux-x86_64-debian-gcc, r-devel-linux-x86_64-fedora-clang, r-devel-linux-x86_64-fedora-gcc, r-devel-windows-x86_64, r-patched-linux-x86_64, r-release-linux-x86_64, r-release-macos-arm64, r-release-macos-x86_64, r-release-windows-x86_64, r-oldrel-macos-arm64, r-oldrel-macos-x86_64, r-oldrel-windows-x86_64