CRAN Package Check Results for Package optim.functions

Last updated on 2024-06-13 16:49:17 CEST.

Flavor Version Tinstall Tcheck Ttotal Status Flags
r-devel-linux-x86_64-debian-clang 0.1 2.94 23.57 26.51 NOTE
r-devel-linux-x86_64-debian-gcc 0.1 0.35 1.69 2.04 ERROR
r-devel-linux-x86_64-fedora-clang 0.1 37.23 NOTE
r-devel-linux-x86_64-fedora-gcc 0.1 32.27 NOTE
r-devel-windows-x86_64 0.1 3.00 45.00 48.00 NOTE
r-patched-linux-x86_64 0.1 2.60 22.92 25.52 NOTE
r-release-linux-x86_64 0.1 2.00 23.54 25.54 NOTE
r-release-macos-arm64 0.1 18.00 NOTE
r-release-macos-x86_64 0.1 23.00 NOTE
r-release-windows-x86_64 0.1 4.00 47.00 51.00 NOTE
r-oldrel-macos-arm64 0.1 19.00 NOTE
r-oldrel-macos-x86_64 0.1 20.00 NOTE
r-oldrel-windows-x86_64 0.1 4.00 46.00 50.00 NOTE

Check Details

Version: 0.1
Check: LazyData
Result: NOTE 'LazyData' is specified without a 'data' directory Flavors: r-devel-linux-x86_64-debian-clang, r-devel-linux-x86_64-fedora-clang, r-devel-linux-x86_64-fedora-gcc, r-devel-windows-x86_64, r-patched-linux-x86_64, r-release-linux-x86_64, r-release-macos-arm64, r-release-macos-x86_64, r-release-windows-x86_64, r-oldrel-macos-arm64, r-oldrel-macos-x86_64, r-oldrel-windows-x86_64

Version: 0.1
Check: package dependencies
Result: ERROR Package required but not available: ‘stringr’ Package suggested but not available for checking: ‘testthat’ See section ‘The DESCRIPTION file’ in the ‘Writing R Extensions’ manual. Flavor: r-devel-linux-x86_64-debian-gcc