CRAN Package Check Results for Package oppr

Last updated on 2020-08-08 03:50:48 CEST.

Flavor Version Tinstall Tcheck Ttotal Status Flags
r-devel-linux-x86_64-debian-clang 1.0.2 242.55 151.91 394.46 NOTE
r-devel-linux-x86_64-debian-gcc 1.0.2 185.65 114.35 300.00 NOTE
r-devel-linux-x86_64-fedora-clang 1.0.2 529.11 NOTE
r-devel-linux-x86_64-fedora-gcc 1.0.2 497.75 NOTE
r-devel-windows-ix86+x86_64 1.0.2 589.00 340.00 929.00 NOTE
r-patched-linux-x86_64 1.0.2 197.88 144.01 341.89 NOTE
r-patched-solaris-x86 1.0.2 496.60 NOTE
r-release-linux-x86_64 1.0.2 200.50 146.66 347.16 NOTE
r-release-macos-x86_64 1.0.2 NOTE
r-release-windows-ix86+x86_64 1.0.2 625.00 251.00 876.00 NOTE
r-oldrel-macos-x86_64 1.0.2 NOTE
r-oldrel-windows-ix86+x86_64 1.0.2 414.00 227.00 641.00 NOTE

Check Details

Version: 1.0.2
Check: package dependencies
Result: NOTE
    Package suggested but not available for checking: 'gurobi'
Flavors: r-devel-linux-x86_64-debian-clang, r-devel-linux-x86_64-debian-gcc, r-devel-linux-x86_64-fedora-clang, r-devel-linux-x86_64-fedora-gcc, r-devel-windows-ix86+x86_64, r-patched-linux-x86_64, r-release-linux-x86_64, r-release-windows-ix86+x86_64, r-oldrel-windows-ix86+x86_64

Version: 1.0.2
Check: installed package size
Result: NOTE
     installed size is 10.9Mb
     sub-directories of 1Mb or more:
     libs 9.2Mb
Flavors: r-devel-linux-x86_64-fedora-clang, r-release-macos-x86_64, r-oldrel-macos-x86_64

Version: 1.0.2
Check: package dependencies
Result: NOTE
    Packages suggested but not available for checking:
     'gurobi', 'Rsymphony', 'lpsymphony'
Flavor: r-patched-solaris-x86

Version: 1.0.2
Check: package dependencies
Result: NOTE
    Packages suggested but not available for checking:
     'gurobi', 'ggtree', 'Rsymphony', 'lpsymphony'
Flavor: r-release-macos-x86_64

Version: 1.0.2
Check: Rd cross-references
Result: NOTE
    Package unavailable to check Rd xrefs: ‘ggtree’
Flavor: r-release-macos-x86_64

Version: 1.0.2
Check: package dependencies
Result: NOTE
    Packages suggested but not available for checking: 'gurobi', 'Rsymphony'
Flavor: r-oldrel-macos-x86_64