CRAN Package Check Results for Package opitools

Last updated on 2024-03-04 16:49:02 CET.

Flavor Version Tinstall Tcheck Ttotal Status Flags
r-devel-linux-x86_64-debian-clang 1.8.0 13.38 136.02 149.40 NOTE
r-devel-linux-x86_64-debian-gcc 1.8.0 11.67 103.85 115.52 NOTE
r-devel-linux-x86_64-fedora-clang 1.8.0 188.38 NOTE
r-devel-linux-x86_64-fedora-gcc 1.8.0 195.96 NOTE
r-devel-windows-x86_64 1.8.0 12.00 118.00 130.00 NOTE
r-patched-linux-x86_64 1.8.0 11.22 133.02 144.24 NOTE
r-release-linux-x86_64 1.8.0 8.35 135.51 143.86 NOTE
r-release-macos-arm64 1.8.0 58.00 NOTE
r-release-macos-x86_64 1.8.0 101.00 NOTE
r-release-windows-x86_64 1.8.0 16.00 139.00 155.00 NOTE
r-oldrel-macos-arm64 1.8.0 47.00 OK
r-oldrel-windows-x86_64 1.8.0 16.00 145.00 161.00 OK

Check Details

Version: 1.8.0
Check: package subdirectories
Result: NOTE Problems with news in ‘NEWS.md’: No news entries found. Flavors: r-devel-linux-x86_64-debian-clang, r-devel-linux-x86_64-debian-gcc, r-devel-linux-x86_64-fedora-clang, r-devel-linux-x86_64-fedora-gcc, r-devel-windows-x86_64, r-patched-linux-x86_64, r-release-linux-x86_64, r-release-macos-arm64, r-release-macos-x86_64, r-release-windows-x86_64

Version: 1.8.0
Check: Rd files
Result: NOTE checkRd: (-1) word_imp.Rd:14: Lost braces 14 | number of individual records. An \code{n} x code{2} dataframe can | ^ Flavors: r-devel-linux-x86_64-debian-clang, r-devel-linux-x86_64-debian-gcc, r-devel-linux-x86_64-fedora-clang, r-devel-linux-x86_64-fedora-gcc, r-devel-windows-x86_64