CRAN Package Check Results for Package openxlsx2

Last updated on 2024-03-03 04:48:43 CET.

Flavor Version Tinstall Tcheck Ttotal Status Flags
r-devel-linux-x86_64-debian-clang 1.4 118.43 316.74 435.17 OK
r-devel-linux-x86_64-debian-gcc 1.4 93.58 230.72 324.30 OK
r-devel-linux-x86_64-fedora-clang 1.4 529.82 OK
r-devel-linux-x86_64-fedora-gcc 1.4 588.22 OK
r-devel-windows-x86_64 1.4 83.00 248.00 331.00 NOTE
r-patched-linux-x86_64 1.4 115.67 299.07 414.74 OK
r-release-linux-x86_64 1.4 112.39 305.47 417.86 OK
r-release-macos-arm64 1.4 136.00 NOTE
r-release-macos-x86_64 1.4 357.00 NOTE
r-release-windows-x86_64 1.4 80.00 302.00 382.00 NOTE
r-oldrel-macos-arm64 1.4 128.00 NOTE
r-oldrel-windows-x86_64 1.4 97.00 268.00 365.00 NOTE

Check Details

Version: 1.4
Check: installed package size
Result: NOTE installed size is 5.5Mb sub-directories of 1Mb or more: doc 1.5Mb libs 1.7Mb Flavors: r-devel-windows-x86_64, r-release-macos-arm64, r-release-macos-x86_64, r-release-windows-x86_64, r-oldrel-macos-arm64, r-oldrel-windows-x86_64