CRAN Package Check Results for Package openssl

Last updated on 2020-07-13 15:48:38 CEST.

Flavor Version Tinstall Tcheck Ttotal Status Flags
r-devel-linux-x86_64-debian-clang 1.4.2 14.76 45.35 60.11 WARN
r-devel-linux-x86_64-debian-gcc 1.4.2 8.54 38.48 47.02 OK
r-devel-linux-x86_64-fedora-clang 1.4.2 81.76 WARN
r-devel-linux-x86_64-fedora-gcc 1.4.2 79.44 OK
r-devel-windows-ix86+x86_64 1.4.2 74.00 140.00 214.00 NOTE
r-patched-linux-x86_64 1.4.2 10.16 47.62 57.78 OK
r-patched-solaris-x86 1.4.2 136.40 OK
r-release-linux-x86_64 1.4.2 9.27 50.82 60.09 OK
r-release-macos-x86_64 1.4.2 ERROR
r-release-windows-ix86+x86_64 1.4.2 90.00 104.00 194.00 NOTE
r-oldrel-macos-x86_64 1.4.2 NOTE
r-oldrel-windows-ix86+x86_64 1.4.2 98.00 124.00 222.00 NOTE

Check Details

Version: 1.4.2
Check: whether package can be installed
Result: WARN
    Found the following significant warnings:
     bcrypt/bcrypt_pbkdf.c:79:40: warning: expression does not compute the number of elements in this array; element type is 'uint32_t' (aka 'unsigned int'), not 'uint64_t' (aka 'unsigned long') [-Wsizeof-array-div]
Flavors: r-devel-linux-x86_64-debian-clang, r-devel-linux-x86_64-fedora-clang

Version: 1.4.2
Check: installed package size
Result: NOTE
     installed size is 8.7Mb
     sub-directories of 1Mb or more:
     doc 2.6Mb
     libs 5.7Mb
Flavors: r-devel-windows-ix86+x86_64, r-release-windows-ix86+x86_64, r-oldrel-macos-x86_64, r-oldrel-windows-ix86+x86_64

Version: 1.4.2
Check: whether package can be installed
Result: ERROR
    Installation failed.
Flavor: r-release-macos-x86_64