CRAN Package Check Results for Package opalr

Last updated on 2020-08-04 03:47:58 CEST.

Flavor Version Tinstall Tcheck Ttotal Status Flags
r-devel-linux-x86_64-debian-clang 1.4.1 7.20 50.61 57.81 OK
r-devel-linux-x86_64-debian-gcc 1.4.1 4.93 39.07 44.00 OK
r-devel-linux-x86_64-fedora-clang 1.4.1 75.39 NOTE
r-devel-linux-x86_64-fedora-gcc 1.4.1 66.72 NOTE
r-devel-windows-ix86+x86_64 1.4.1 19.00 66.00 85.00 OK
r-patched-linux-x86_64 1.4.1 6.14 50.59 56.73 OK
r-patched-solaris-x86 1.4.1 90.60 NOTE
r-release-linux-x86_64 1.4.1 6.64 51.13 57.77 OK
r-release-macos-x86_64 1.4.1 NOTE
r-release-windows-ix86+x86_64 1.4.1 21.00 100.00 121.00 OK
r-oldrel-macos-x86_64 1.4.1 NOTE
r-oldrel-windows-ix86+x86_64 1.4.1 11.00 86.00 97.00 OK

Check Details

Version: 1.4.1
Check: dependencies in R code
Result: NOTE
    Namespace in Imports field not imported from: ‘xml2’
     All declared Imports should be used.
Flavors: r-devel-linux-x86_64-fedora-clang, r-devel-linux-x86_64-fedora-gcc, r-patched-solaris-x86, r-release-macos-x86_64, r-oldrel-macos-x86_64