CRAN Package Check Results for Package onlineBcp

Last updated on 2024-06-13 16:49:17 CEST.

Flavor Version Tinstall Tcheck Ttotal Status Flags
r-devel-linux-x86_64-debian-clang 0.1.8 4.22 32.02 36.24 OK
r-devel-linux-x86_64-debian-gcc 0.1.8 0.72 1.91 2.63 ERROR
r-devel-linux-x86_64-fedora-clang 0.1.8 50.10 OK
r-devel-linux-x86_64-fedora-gcc 0.1.8 56.86 OK
r-devel-windows-x86_64 0.1.8 4.00 49.00 53.00 OK
r-patched-linux-x86_64 0.1.8 3.75 32.71 36.46 OK
r-release-linux-x86_64 0.1.8 3.63 31.87 35.50 OK
r-release-macos-arm64 0.1.8 25.00 OK
r-release-macos-x86_64 0.1.8 34.00 OK
r-release-windows-x86_64 0.1.8 5.00 50.00 55.00 OK
r-oldrel-macos-arm64 0.1.8 27.00 OK
r-oldrel-macos-x86_64 0.1.8 34.00 OK
r-oldrel-windows-x86_64 0.1.8 5.00 49.00 54.00 OK

Check Details

Version: 0.1.8
Check: package dependencies
Result: ERROR Package required but not available: ‘VIM’ Package suggested but not available for checking: ‘testthat’ See section ‘The DESCRIPTION file’ in the ‘Writing R Extensions’ manual. Flavor: r-devel-linux-x86_64-debian-gcc