Last updated on 2023-11-30 16:49:31 CET.
Flavor | Version | Tinstall | Tcheck | Ttotal | Status | Flags |
---|---|---|---|---|---|---|
r-devel-linux-x86_64-debian-clang | 0.2 | 62.35 | 694.41 | 756.76 | OK | |
r-devel-linux-x86_64-debian-gcc | 0.2 | 50.44 | 504.81 | 555.25 | OK | |
r-devel-linux-x86_64-fedora-clang | 0.2 | 934.08 | NOTE | |||
r-devel-linux-x86_64-fedora-gcc | 0.2 | 956.12 | NOTE | |||
r-devel-windows-x86_64 | 0.2 | 52.00 | 461.00 | 513.00 | OK | |
r-patched-linux-x86_64 | 0.2 | 45.17 | 640.57 | 685.74 | OK | |
r-release-linux-x86_64 | 0.2 | 48.04 | 640.96 | 689.00 | OK | |
r-release-macos-arm64 | 0.2 | 155.00 | OK | |||
r-release-macos-x86_64 | 0.2 | 439.00 | OK | |||
r-release-windows-x86_64 | 0.2 | 70.00 | 600.00 | 670.00 | OK | |
r-oldrel-macos-arm64 | 0.2 | 195.00 | NOTE | |||
r-oldrel-macos-x86_64 | 0.2 | 324.00 | NOTE | |||
r-oldrel-windows-x86_64 | 0.2 | 62.00 | 537.00 | 599.00 | OK |
Version: 0.2
Check: dependencies in R code
Result: NOTE
Namespaces in Imports field not imported from:
‘gdata’ ‘genefilter’ ‘maftools’ ‘readxl’
All declared Imports should be used.
Flavors: r-devel-linux-x86_64-fedora-clang, r-devel-linux-x86_64-fedora-gcc, r-oldrel-macos-arm64, r-oldrel-macos-x86_64