Last updated on 2023-12-06 16:53:19 CET.
Flavor | Version | Tinstall | Tcheck | Ttotal | Status | Flags |
---|---|---|---|---|---|---|
r-devel-linux-x86_64-debian-clang | 0.0.3 | 7.91 | 61.89 | 69.80 | OK | |
r-devel-linux-x86_64-debian-gcc | 0.0.3 | 6.36 | 46.23 | 52.59 | OK | |
r-devel-linux-x86_64-fedora-clang | 0.0.3 | 89.72 | NOTE | |||
r-devel-linux-x86_64-fedora-gcc | 0.0.3 | 86.40 | NOTE | |||
r-devel-windows-x86_64 | 0.0.3 | 7.00 | 64.00 | 71.00 | OK | |
r-patched-linux-x86_64 | 0.0.3 | 4.99 | 57.49 | 62.48 | OK | |
r-release-linux-x86_64 | 0.0.3 | 4.52 | 57.70 | 62.22 | OK | |
r-release-macos-arm64 | 0.0.3 | 29.00 | OK | |||
r-release-macos-x86_64 | 0.0.3 | 44.00 | OK | |||
r-release-windows-x86_64 | 0.0.3 | 9.00 | 72.00 | 81.00 | OK | |
r-oldrel-macos-arm64 | 0.0.3 | 26.00 | OK | |||
r-oldrel-macos-x86_64 | 0.0.3 | 39.00 | OK | |||
r-oldrel-windows-x86_64 | 0.0.3 | 9.00 | 76.00 | 85.00 | OK |
Version: 0.0.3
Check: data for non-ASCII characters
Result: NOTE
Note: found 4 marked UTF-8 strings
Flavors: r-devel-linux-x86_64-fedora-clang, r-devel-linux-x86_64-fedora-gcc