CRAN Package Check Results for Package occupationMeasurement

Last updated on 2024-07-19 17:54:35 CEST.

Flavor Version Tinstall Tcheck Ttotal Status Flags
r-devel-linux-x86_64-debian-clang 0.3.2 10.64 89.01 99.65 OK
r-devel-linux-x86_64-debian-gcc 0.3.2 8.80 68.30 77.10 OK
r-devel-linux-x86_64-fedora-clang 0.3.2 133.89 NOTE
r-devel-linux-x86_64-fedora-gcc 0.3.2 132.62 NOTE
r-devel-windows-x86_64 0.3.2 12.00 106.00 118.00 OK
r-patched-linux-x86_64 0.3.2 9.96 85.64 95.60 OK
r-release-linux-x86_64 0.3.2 10.21 87.69 97.90 OK
r-release-macos-arm64 0.3.2 77.00 OK
r-release-macos-x86_64 0.3.2 99.00 OK
r-release-windows-x86_64 0.3.2 12.00 103.00 115.00 OK
r-oldrel-macos-arm64 0.3.2 71.00 OK
r-oldrel-macos-x86_64 0.3.2 156.00 OK
r-oldrel-windows-x86_64 0.3.2 15.00 120.00 135.00 OK

Check Details

Version: 0.3.2
Check: data for non-ASCII characters
Result: NOTE Note: found 6986 marked UTF-8 strings Flavors: r-devel-linux-x86_64-fedora-clang, r-devel-linux-x86_64-fedora-gcc