Last updated on 2023-11-30 05:50:59 CET.
Flavor | Version | Tinstall | Tcheck | Ttotal | Status | Flags |
---|---|---|---|---|---|---|
r-devel-linux-x86_64-debian-clang | 0.3.2 | 10.16 | 91.33 | 101.49 | OK | |
r-devel-linux-x86_64-debian-gcc | 0.3.2 | 8.95 | 68.17 | 77.12 | OK | |
r-devel-linux-x86_64-fedora-clang | 0.3.2 | 133.86 | NOTE | |||
r-devel-linux-x86_64-fedora-gcc | 0.3.2 | 137.89 | NOTE | |||
r-devel-windows-x86_64 | 0.3.2 | 13.00 | 103.00 | 116.00 | OK | |
r-patched-linux-x86_64 | 0.3.2 | 12.73 | 86.40 | 99.13 | OK | |
r-release-linux-x86_64 | 0.3.2 | 11.82 | 85.63 | 97.45 | OK | |
r-release-macos-arm64 | 0.3.2 | 71.00 | OK | |||
r-release-macos-x86_64 | 0.3.2 | 156.00 | OK | |||
r-release-windows-x86_64 | 0.3.2 | 17.00 | 119.00 | 136.00 | OK | |
r-oldrel-macos-arm64 | 0.3.2 | 67.00 | OK | |||
r-oldrel-macos-x86_64 | 0.3.2 | 91.00 | OK | |||
r-oldrel-windows-x86_64 | 0.3.2 | 17.00 | 123.00 | 140.00 | OK |
Version: 0.3.2
Check: data for non-ASCII characters
Result: NOTE
Note: found 6986 marked UTF-8 strings
Flavors: r-devel-linux-x86_64-fedora-clang, r-devel-linux-x86_64-fedora-gcc