CRAN Package Check Results for Package nuts

Last updated on 2024-06-13 04:52:33 CEST.

Flavor Version Tinstall Tcheck Ttotal Status Flags
r-devel-linux-x86_64-debian-clang 1.0.0 7.44 315.56 323.00 OK
r-devel-linux-x86_64-debian-gcc 1.0.0 0.72 1.70 2.42 ERROR
r-devel-linux-x86_64-fedora-clang 1.0.0 398.96 OK
r-devel-linux-x86_64-fedora-gcc 1.0.0 375.74 OK
r-devel-windows-x86_64 1.0.0 8.00 212.00 220.00 OK
r-patched-linux-x86_64 1.0.0 7.36 295.64 303.00 OK
r-release-linux-x86_64 1.0.0 7.19 297.59 304.78 OK
r-release-macos-arm64 1.0.0 95.00 OK
r-release-macos-x86_64 1.0.0 161.00 OK
r-release-windows-x86_64 1.0.0 9.00 220.00 229.00 OK
r-oldrel-macos-arm64 1.0.0 115.00 OK
r-oldrel-macos-x86_64 1.0.0 203.00 OK
r-oldrel-windows-x86_64 1.0.0 10.00 270.00 280.00 OK

Check Details

Version: 1.0.0
Check: package dependencies
Result: ERROR Package required but not available: ‘dplyr’ Packages suggested but not available for checking: 'distill', 'eurostat', 'ggalluvial', 'ggfittext', 'ggplot2', 'ggpubr', 'ggrepel', 'kableExtra', 'readr', 'stringr', 'testthat', 'tidyr' See section ‘The DESCRIPTION file’ in the ‘Writing R Extensions’ manual. Flavor: r-devel-linux-x86_64-debian-gcc