CRAN Package Check Results for Package numberofalleles

Last updated on 2024-04-17 16:53:14 CEST.

Flavor Version Tinstall Tcheck Ttotal Status Flags
r-devel-linux-x86_64-debian-clang 1.0.1 48.63 49.08 97.71 OK
r-devel-linux-x86_64-debian-gcc 1.0.1 38.04 36.56 74.60 OK
r-devel-linux-x86_64-fedora-clang 1.0.1 135.62 NOTE
r-devel-linux-x86_64-fedora-gcc 1.0.1 142.35 NOTE
r-prerel-macos-arm64 1.0.1 38.00 OK
r-prerel-windows-x86_64 1.0.1 37.00 82.00 119.00 OK
r-patched-linux-x86_64 1.0.1 47.00 44.89 91.89 OK
r-release-linux-x86_64 1.0.1 48.01 45.49 93.50 OK
r-release-macos-arm64 1.0.1 43.00 OK
r-release-macos-x86_64 1.0.1 67.00 OK
r-release-windows-x86_64 1.0.1 48.00 88.00 136.00 OK
r-oldrel-macos-arm64 1.0.1 34.00 NOTE
r-oldrel-windows-x86_64 1.0.1 42.00 85.00 127.00 OK

Check Details

Version: 1.0.1
Check: dependencies in R code
Result: NOTE Namespace in Imports field not imported from: ‘pedtools’ All declared Imports should be used. Flavors: r-devel-linux-x86_64-fedora-clang, r-devel-linux-x86_64-fedora-gcc, r-oldrel-macos-arm64