CRAN Package Check Results for Package numbat

Last updated on 2024-03-01 04:51:49 CET.

Flavor Version Tinstall Tcheck Ttotal Status Flags
r-devel-linux-x86_64-debian-clang 1.4.0 1.02 1.70 2.72 ERROR
r-devel-linux-x86_64-debian-gcc 1.4.0 42.15 141.49 183.64 NOTE
r-devel-linux-x86_64-fedora-clang 1.4.0 313.15 NOTE
r-devel-linux-x86_64-fedora-gcc 1.4.0 295.55 NOTE
r-devel-windows-x86_64 1.3.2-1 85.00 184.00 269.00 NOTE
r-patched-linux-x86_64 1.4.0 43.89 182.99 226.88 NOTE
r-release-linux-x86_64 1.4.0 0.65 1.74 2.39 ERROR
r-release-macos-arm64 1.4.0 80.00 NOTE
r-release-macos-x86_64 1.4.0 217.00 NOTE
r-release-windows-x86_64 1.4.0 63.00 221.00 284.00 NOTE
r-oldrel-macos-arm64 1.4.0 81.00 NOTE
r-oldrel-windows-x86_64 1.4.0 65.00 212.00 277.00 NOTE

Check Details

Version: 1.4.0
Check: package dependencies
Result: ERROR Packages required but not available: 'ggtree', 'scistreer' See section ‘The DESCRIPTION file’ in the ‘Writing R Extensions’ manual. Flavors: r-devel-linux-x86_64-debian-clang, r-release-linux-x86_64

Version: 1.4.0
Check: for GNU extensions in Makefiles
Result: NOTE GNU make is a SystemRequirements. Flavors: r-devel-linux-x86_64-debian-gcc, r-devel-linux-x86_64-fedora-clang, r-devel-linux-x86_64-fedora-gcc, r-patched-linux-x86_64, r-release-macos-arm64, r-release-macos-x86_64, r-release-windows-x86_64, r-oldrel-macos-arm64, r-oldrel-windows-x86_64

Version: 1.4.0
Check: package dependencies
Result: NOTE Imports includes 31 non-default packages. Importing from so many packages makes the package vulnerable to any of them becoming unavailable. Move as many as possible to Suggests and use conditionally. Flavor: r-devel-linux-x86_64-fedora-clang

Version: 1.4.0
Check: dependencies in R code
Result: NOTE Namespaces in Imports field not imported from: ‘R.utils’ ‘optparse’ ‘vcfR’ All declared Imports should be used. Flavors: r-devel-linux-x86_64-fedora-clang, r-devel-linux-x86_64-fedora-gcc

Version: 1.3.2-1
Check: installed package size
Result: NOTE installed size is 5.9Mb sub-directories of 1Mb or more: data 4.2Mb libs 1.1Mb Flavor: r-devel-windows-x86_64

Version: 1.3.2-1
Check: Rd \usage sections
Result: NOTE Documented arguments not in \usage in Rd file 'exp_hclust.Rd': 'df_allele' Documented arguments not in \usage in Rd file 'log_mem.Rd': 'msg' Functions with \usage entries need to have the appropriate \alias entries, and all their arguments documented. The \usage entries must correspond to syntactically valid R code. See chapter 'Writing R documentation files' in the 'Writing R Extensions' manual. Flavor: r-devel-windows-x86_64

Version: 1.3.2-1
Check: for GNU extensions in Makefiles
Result: NOTE GNU make is a SystemRequirements. Flavor: r-devel-windows-x86_64

Version: 1.4.0
Check: installed package size
Result: NOTE installed size is 5.5Mb sub-directories of 1Mb or more: data 4.2Mb Flavors: r-release-macos-arm64, r-release-macos-x86_64, r-release-windows-x86_64, r-oldrel-macos-arm64, r-oldrel-windows-x86_64