CRAN Package Check Results for Package np

Last updated on 2020-07-10 03:47:24 CEST.

Flavor Version Tinstall Tcheck Ttotal Status Flags
r-devel-linux-x86_64-debian-clang 0.60-10 70.13 445.99 516.12 OK
r-devel-linux-x86_64-debian-gcc 0.60-10 48.06 324.90 372.96 OK
r-devel-linux-x86_64-fedora-clang 0.60-10 640.79 NOTE
r-devel-linux-x86_64-fedora-gcc 0.60-10 624.20 OK
r-devel-windows-ix86+x86_64 0.60-10 97.00 184.00 281.00 OK --no-examples --no-tests --no-vignettes
r-patched-linux-x86_64 0.60-10 54.95 439.77 494.72 OK
r-patched-solaris-x86 0.60-10 953.40 OK
r-release-linux-x86_64 0.60-10 51.59 436.31 487.90 OK
r-release-osx-x86_64 0.60-10 OK
r-release-windows-ix86+x86_64 0.60-10 98.00 226.00 324.00 OK --no-examples --no-tests --no-vignettes
r-oldrel-osx-x86_64 0.60-10 OK
r-oldrel-windows-ix86+x86_64 0.60-10 125.00 208.00 333.00 OK --no-examples --no-tests --no-vignettes

Additional issues

clang-UBSAN

Check Details

Version: 0.60-10
Check: Rd cross-references
Result: NOTE
    Undeclared packages ‘logspline’, ‘ks’ in Rd xrefs
Flavor: r-devel-linux-x86_64-fedora-clang