CRAN Package Check Results for Package noctua

Last updated on 2020-08-10 06:47:35 CEST.

Flavor Version Tinstall Tcheck Ttotal Status Flags
r-devel-linux-x86_64-debian-clang 1.7.1 6.78 63.71 70.49 OK
r-devel-linux-x86_64-debian-gcc 1.7.1 5.67 48.18 53.85 OK
r-devel-linux-x86_64-fedora-clang 1.7.1 92.59 OK
r-devel-linux-x86_64-fedora-gcc 1.7.1 82.33 OK
r-devel-windows-ix86+x86_64 1.7.1 25.00 103.00 128.00 OK
r-patched-linux-x86_64 1.7.1 6.60 61.63 68.23 OK
r-patched-solaris-x86 1.7.1 113.10 NOTE
r-release-linux-x86_64 1.7.1 6.57 61.37 67.94 OK
r-release-macos-x86_64 1.7.1 OK
r-release-windows-ix86+x86_64 1.7.1 18.00 107.00 125.00 OK
r-oldrel-macos-x86_64 1.7.1 OK
r-oldrel-windows-ix86+x86_64 1.7.1 14.00 81.00 95.00 OK

Check Details

Version: 1.7.1
Check: package dependencies
Result: NOTE
    Package suggested but not available for checking: ‘arrow’
Flavor: r-patched-solaris-x86