Last updated on 2023-11-28 05:51:58 CET.
Flavor | Version | Tinstall | Tcheck | Ttotal | Status | Flags |
---|---|---|---|---|---|---|
r-devel-linux-x86_64-debian-clang | 2.6.2 | 10.28 | 97.40 | 107.68 | NOTE | |
r-devel-linux-x86_64-debian-gcc | 2.6.2 | 7.50 | 72.68 | 80.18 | NOTE | |
r-devel-linux-x86_64-fedora-clang | 2.6.2 | 131.21 | OK | |||
r-devel-linux-x86_64-fedora-gcc | 2.6.2 | 135.79 | OK | |||
r-devel-windows-x86_64 | 2.6.2 | 9.00 | 94.00 | 103.00 | OK | |
r-patched-linux-x86_64 | 2.6.2 | 15.64 | 92.86 | 108.50 | OK | |
r-release-linux-x86_64 | 2.6.2 | 5.54 | 93.16 | 98.70 | OK | |
r-release-macos-arm64 | 2.6.2 | 49.00 | OK | |||
r-release-macos-x86_64 | 2.6.2 | 72.00 | OK | |||
r-release-windows-x86_64 | 2.6.2 | 12.00 | 110.00 | 122.00 | OK | |
r-oldrel-macos-arm64 | 2.6.2 | 41.00 | OK | |||
r-oldrel-macos-x86_64 | 2.6.2 | 57.00 | OK | |||
r-oldrel-windows-x86_64 | 2.6.2 | 15.00 | 110.00 | 125.00 | OK |
Version: 2.6.2
Check: Rd files
Result: NOTE
checkRd: (-1) dbConnect-AthenaDriver-method.Rd:108-110: Lost braces in \itemize; meant \describe ?
checkRd: (-1) dbConnect-AthenaDriver-method.Rd:111-113: Lost braces in \itemize; meant \describe ?
checkRd: (-1) dbConnect-AthenaDriver-method.Rd:114-117: Lost braces in \itemize; meant \describe ?
checkRd: (-1) dbConnect-AthenaDriver-method.Rd:118-120: Lost braces in \itemize; meant \describe ?
checkRd: (-1) dbConnect-AthenaDriver-method.Rd:121-124: Lost braces in \itemize; meant \describe ?
checkRd: (-1) dbConnect-AthenaDriver-method.Rd:125: Lost braces in \itemize; meant \describe ?
Flavors: r-devel-linux-x86_64-debian-clang, r-devel-linux-x86_64-debian-gcc