CRAN Package Check Results for Package nnt

Last updated on 2024-03-02 16:54:51 CET.

Flavor Version Tinstall Tcheck Ttotal Status Flags
r-devel-linux-x86_64-debian-clang 0.1.4 6.08 67.73 73.81 NOTE
r-devel-linux-x86_64-debian-gcc 0.1.4 6.59 51.83 58.42 NOTE
r-devel-linux-x86_64-fedora-clang 0.1.4 92.31 NOTE
r-devel-linux-x86_64-fedora-gcc 0.1.4 89.09 NOTE
r-devel-windows-x86_64 0.1.4 7.00 66.00 73.00 NOTE
r-patched-linux-x86_64 0.1.4 6.56 66.05 72.61 NOTE
r-release-linux-x86_64 0.1.4 8.64 67.08 75.72 NOTE
r-release-macos-arm64 0.1.4 33.00 NOTE
r-release-macos-x86_64 0.1.4 51.00 NOTE
r-release-windows-x86_64 0.1.4 9.00 80.00 89.00 NOTE
r-oldrel-macos-arm64 0.1.4 31.00 NOTE
r-oldrel-windows-x86_64 0.1.4 9.00 80.00 89.00 NOTE

Check Details

Version: 0.1.4
Check: LazyData
Result: NOTE 'LazyData' is specified without a 'data' directory Flavors: r-devel-linux-x86_64-debian-clang, r-devel-linux-x86_64-debian-gcc, r-devel-linux-x86_64-fedora-clang, r-devel-linux-x86_64-fedora-gcc, r-devel-windows-x86_64, r-patched-linux-x86_64, r-release-linux-x86_64, r-release-macos-arm64, r-release-macos-x86_64, r-release-windows-x86_64, r-oldrel-macos-arm64, r-oldrel-windows-x86_64