CRAN Package Check Results for Package nnTensor

Last updated on 2024-02-29 04:54:21 CET.

Flavor Version Tinstall Tcheck Ttotal Status Flags
r-devel-linux-x86_64-debian-clang 1.2.0 17.62 706.17 723.79 NOTE
r-devel-linux-x86_64-debian-gcc 1.2.0 13.20 561.60 574.80 NOTE
r-devel-linux-x86_64-fedora-clang 1.2.0 874.17 NOTE
r-devel-linux-x86_64-fedora-gcc 1.2.0 898.15 NOTE
r-devel-windows-x86_64 1.2.0 13.00 765.00 778.00 OK
r-patched-linux-x86_64 1.2.0 13.89 686.12 700.01 OK
r-release-linux-x86_64 1.2.0 12.77 690.37 703.14 OK
r-release-macos-arm64 1.2.0 283.00 OK
r-release-macos-x86_64 1.2.0 820.00 OK
r-release-windows-x86_64 1.2.0 16.00 785.00 801.00 OK
r-oldrel-macos-arm64 1.2.0 420.00 OK
r-oldrel-windows-x86_64 1.2.0 18.00 750.00 768.00 OK

Check Details

Version: 1.2.0
Check: Rd files
Result: NOTE checkRd: (-1) GabrielNMF.Rd:23: Lost braces; missing escapes or markup? 23 | The number of low-dimension (J < {N, M}). | ^ checkRd: (-1) NMF.Rd:71: Lost braces; missing escapes or markup? 71 | The number of low-dimension (J < {N, M}). If a numerical vector is specified | ^ checkRd: (-1) NMF.Rd:119: Lost braces; missing escapes or markup? 119 | U : A matrix which has N-rows and J-columns (J < {N, M}). | ^ checkRd: (-1) NMF.Rd:120: Lost braces; missing escapes or markup? 120 | V : A matrix which has M-rows and J-columns (J < {N, M}). | ^ checkRd: (-1) NMF.Rd:121: Lost braces; missing escapes or markup? 121 | J : The number of dimension (J < {N, M}). | ^ Flavors: r-devel-linux-x86_64-debian-clang, r-devel-linux-x86_64-debian-gcc, r-devel-linux-x86_64-fedora-clang, r-devel-linux-x86_64-fedora-gcc