CRAN Package Check Results for Package nmfgpu4R

Last updated on 2020-08-15 03:48:12 CEST.

Flavor Version Tinstall Tcheck Ttotal Status Flags
r-devel-linux-x86_64-debian-clang 0.2.5.2 40.77 59.49 100.26 OK
r-devel-linux-x86_64-debian-gcc 0.2.5.2 32.56 45.78 78.34 OK
r-devel-linux-x86_64-fedora-clang 0.2.5.2 145.89 NOTE
r-devel-linux-x86_64-fedora-gcc 0.2.5.2 125.97 NOTE
r-devel-windows-ix86+x86_64 0.2.5.2 109.00 125.00 234.00 OK
r-patched-linux-x86_64 0.2.5.2 35.22 57.46 92.68 OK
r-patched-solaris-x86 0.2.5.2 150.60 WARN
r-release-linux-x86_64 0.2.5.2 31.34 58.68 90.02 OK
r-release-macos-x86_64 0.2.5.2 OK
r-release-windows-ix86+x86_64 0.2.5.2 106.00 93.00 199.00 OK
r-oldrel-macos-x86_64 0.2.5.2 OK
r-oldrel-windows-ix86+x86_64 0.2.5.2 77.00 113.00 190.00 OK

Check Details

Version: 0.2.5.2
Check: compiled code
Result: NOTE
    File ‘nmfgpu4R/libs/nmfgpu4R.so’:
     Found no calls to: ‘R_registerRoutines’, ‘R_useDynamicSymbols’
    
    It is good practice to register native routines and to disable symbol
    search.
    
    See ‘Writing portable packages’ in the ‘Writing R Extensions’ manual.
Flavors: r-devel-linux-x86_64-fedora-clang, r-devel-linux-x86_64-fedora-gcc

Version: 0.2.5.2
Check: whether package can be installed
Result: WARN
    Found the following significant warnings:
     WrapperNMFGPU.cpp:96:12: warning: converting ‘false’ to pointer type for argument 1 of ‘std::__cxx11::basic_string<_CharT, _Traits, _Alloc>::basic_string(const _CharT*, const _Alloc&) [with _CharT = char; _Traits = std::char_traits<char>; _Alloc = std::allocator<char>]’ [-Wconversion-null]
Flavor: r-patched-solaris-x86