Last updated on 2023-12-06 03:50:06 CET.
Flavor | Version | Tinstall | Tcheck | Ttotal | Status | Flags |
---|---|---|---|---|---|---|
r-devel-linux-x86_64-debian-clang | 0.3 | 60.21 | 421.56 | 481.77 | OK | |
r-devel-linux-x86_64-debian-gcc | 0.3 | 48.96 | 300.19 | 349.15 | OK | |
r-devel-linux-x86_64-fedora-clang | 0.3 | 600.14 | NOTE | |||
r-devel-linux-x86_64-fedora-gcc | 0.3 | 616.16 | OK | |||
r-devel-windows-x86_64 | 0.3 | 50.00 | 265.00 | 315.00 | NOTE | |
r-patched-linux-x86_64 | 0.3 | 41.03 | 391.99 | 433.02 | OK | |
r-release-linux-x86_64 | 0.3 | 42.92 | 399.54 | 442.46 | OK | |
r-release-macos-arm64 | 0.3 | 187.00 | NOTE | |||
r-release-macos-x86_64 | 0.3 | 316.00 | NOTE | |||
r-release-windows-x86_64 | 0.3 | 72.00 | 354.00 | 426.00 | NOTE | |
r-oldrel-macos-arm64 | 0.3 | 155.00 | NOTE | |||
r-oldrel-macos-x86_64 | 0.3 | 180.00 | NOTE | |||
r-oldrel-windows-x86_64 | 0.3 | 77.00 | 338.00 | 415.00 | NOTE |
Version: 0.3
Check: installed package size
Result: NOTE
installed size is 6.2Mb
sub-directories of 1Mb or more:
doc 1.2Mb
extdata 3.7Mb
Flavors: r-devel-linux-x86_64-fedora-clang, r-devel-windows-x86_64, r-release-macos-arm64, r-release-macos-x86_64, r-release-windows-x86_64, r-oldrel-macos-arm64, r-oldrel-macos-x86_64, r-oldrel-windows-x86_64