Last updated on 2023-12-02 16:49:21 CET.
Flavor | Version | Tinstall | Tcheck | Ttotal | Status | Flags |
---|---|---|---|---|---|---|
r-devel-linux-x86_64-debian-clang | 2016.3.2 | 3.74 | 44.13 | 47.87 | NOTE | |
r-devel-linux-x86_64-debian-gcc | 2016.3.2 | 2.48 | 33.72 | 36.20 | NOTE | |
r-devel-linux-x86_64-fedora-clang | 2016.3.2 | 61.90 | NOTE | |||
r-devel-linux-x86_64-fedora-gcc | 2016.3.2 | 71.51 | NOTE | |||
r-devel-windows-x86_64 | 2016.3.2 | 5.00 | 71.00 | 76.00 | OK | |
r-patched-linux-x86_64 | 2016.3.2 | 3.85 | 43.28 | 47.13 | NOTE | |
r-release-linux-x86_64 | 2016.3.2 | 2.75 | 41.02 | 43.77 | NOTE | |
r-release-macos-arm64 | 2016.3.2 | 30.00 | OK | |||
r-release-macos-x86_64 | 2016.3.2 | 46.00 | OK | |||
r-release-windows-x86_64 | 2016.3.2 | 5.00 | 71.00 | 76.00 | OK | |
r-oldrel-macos-arm64 | 2016.3.2 | 29.00 | OK | |||
r-oldrel-macos-x86_64 | 2016.3.2 | 36.00 | OK | |||
r-oldrel-windows-x86_64 | 2016.3.2 | 6.00 | 75.00 | 81.00 | OK |
Version: 2016.3.2
Check: package dependencies
Result: NOTE
Packages suggested but not available for checking: 'Rvmmin', 'Rcgmin'
Flavors: r-devel-linux-x86_64-debian-clang, r-devel-linux-x86_64-debian-gcc, r-devel-linux-x86_64-fedora-clang, r-devel-linux-x86_64-fedora-gcc, r-patched-linux-x86_64, r-release-linux-x86_64