CRAN Package Check Results for Package nlmixr

Last updated on 2020-08-06 04:48:12 CEST.

Flavor Version Tinstall Tcheck Ttotal Status Flags
r-devel-linux-x86_64-debian-clang 1.1.1-9 203.54 255.45 458.99 OK
r-devel-linux-x86_64-debian-gcc 1.1.1-9 162.57 184.93 347.50 OK
r-devel-linux-x86_64-fedora-clang 1.1.1-9 574.98 NOTE
r-devel-linux-x86_64-fedora-gcc 1.1.1-9 567.06 NOTE
r-devel-windows-ix86+x86_64 1.1.1-9 563.00 670.00 1233.00 NOTE
r-patched-linux-x86_64 1.1.1-9 213.96 239.61 453.57 OK
r-patched-solaris-x86 1.1.1-9 506.80 NOTE
r-release-linux-x86_64 1.1.1-9 208.88 240.10 448.98 OK
r-release-macos-x86_64 1.1.1-9 NOTE
r-release-windows-ix86+x86_64 1.1.1-9 540.00 410.00 950.00 NOTE
r-oldrel-macos-x86_64 1.1.1-9 NOTE
r-oldrel-windows-ix86+x86_64 1.1.1-9 371.00 372.00 743.00 NOTE

Check Details

Version: 1.1.1-9
Check: installed package size
Result: NOTE
     installed size is 23.1Mb
     sub-directories of 1Mb or more:
     libs 21.3Mb
Flavors: r-devel-linux-x86_64-fedora-clang, r-devel-windows-ix86+x86_64, r-release-macos-x86_64, r-release-windows-ix86+x86_64, r-oldrel-macos-x86_64, r-oldrel-windows-ix86+x86_64

Version: 1.1.1-9
Check: dependencies in R code
Result: NOTE
    Namespace in Imports field not imported from: ‘stringr’
     All declared Imports should be used.
Flavors: r-devel-linux-x86_64-fedora-clang, r-devel-linux-x86_64-fedora-gcc, r-patched-solaris-x86, r-release-macos-x86_64, r-oldrel-macos-x86_64

Version: 1.1.1-9
Check: Rd cross-references
Result: NOTE
    Undeclared package ‘mvnfast’ in Rd xrefs
Flavor: r-devel-linux-x86_64-fedora-clang