CRAN Package Check Results for Package nimbleSMC

Last updated on 2024-02-23 16:53:24 CET.

Flavor Version Tinstall Tcheck Ttotal Status Flags
r-devel-linux-x86_64-debian-clang 0.11.0 NOTE
r-devel-linux-x86_64-debian-gcc 0.11.0 16.47 73.41 89.88 NOTE
r-devel-linux-x86_64-fedora-clang 0.11.0 142.48 OK
r-devel-linux-x86_64-fedora-gcc 0.11.0 140.42 OK
r-devel-windows-x86_64 0.11.0 17.00 88.00 105.00 OK
r-patched-linux-x86_64 0.11.0 19.05 93.10 112.15 OK
r-release-linux-x86_64 0.11.0 16.93 93.90 110.83 OK
r-release-macos-arm64 0.11.0 56.00 OK
r-release-macos-x86_64 0.11.0 76.00 OK
r-release-windows-x86_64 0.11.0 23.00 103.00 126.00 OK
r-oldrel-macos-arm64 0.11.0 48.00 OK
r-oldrel-windows-x86_64 0.11.0 24.00 102.00 126.00 OK

Check Details

Version: 0.11.0
Check: Rd files
Result: NOTE checkRd: (-1) buildIteratedFilter2.Rd:105: Lost braces 105 | Ionides, E.L., D. Nguyen, Y. Atchad{\'e}, S. Stoev, and A.A. King (2015). Inference for dynamic and latent variable models via iterated, perturbed Bayes maps. \emph{Proceedings of the National Academy of Sciences}, 112(3), 719-724. | ^ Flavors: r-devel-linux-x86_64-debian-clang, r-devel-linux-x86_64-debian-gcc