CRAN Package Check Results for Package nimbleHMC

Last updated on 2024-02-27 16:49:22 CET.

Flavor Version Tinstall Tcheck Ttotal Status Flags
r-devel-linux-x86_64-debian-clang 0.2.1 12.55 85.03 97.58 OK
r-devel-linux-x86_64-debian-gcc 0.2.1 10.73 65.27 76.00 OK
r-devel-linux-x86_64-fedora-clang 0.2.1 122.12 NOTE
r-devel-linux-x86_64-fedora-gcc 0.2.1 121.42 NOTE
r-devel-windows-x86_64 0.2.1 13.00 84.00 97.00 OK
r-patched-linux-x86_64 0.2.1 20.90 82.95 103.85 OK
r-release-linux-x86_64 0.2.1 16.40 82.39 98.79 OK
r-release-macos-arm64 0.2.1 46.00 OK
r-release-macos-x86_64 0.2.1 90.00 OK
r-release-windows-x86_64 0.2.1 17.00 93.00 110.00 OK
r-oldrel-macos-arm64 0.2.1 46.00 OK
r-oldrel-windows-x86_64 0.2.1 18.00 96.00 114.00 OK

Check Details

Version: 0.2.1
Check: dependencies in R code
Result: NOTE Namespace in Imports field not imported from: ‘methods’ All declared Imports should be used. Flavors: r-devel-linux-x86_64-fedora-clang, r-devel-linux-x86_64-fedora-gcc