CRAN Package Check Results for Package nimbleEcology

Last updated on 2020-08-13 15:51:13 CEST.

Flavor Version Tinstall Tcheck Ttotal Status Flags
r-devel-linux-x86_64-debian-clang 0.3.0 15.02 211.64 226.66 OK
r-devel-linux-x86_64-debian-gcc 0.3.0 11.52 161.23 172.75 OK
r-devel-linux-x86_64-fedora-clang 0.3.0 275.88 OK
r-devel-linux-x86_64-fedora-gcc 0.3.0 261.10 OK
r-devel-windows-ix86+x86_64 0.3.0 38.00 262.00 300.00 OK
r-patched-linux-x86_64 0.3.0 15.29 201.85 217.14 OK
r-patched-solaris-x86 0.3.0 246.70 WARN
r-release-linux-x86_64 0.3.0 14.15 203.20 217.35 OK
r-release-macos-x86_64 0.3.0 OK
r-release-windows-ix86+x86_64 0.3.0 35.00 201.00 236.00 OK
r-oldrel-macos-x86_64 0.3.0 OK
r-oldrel-windows-ix86+x86_64 0.3.0 23.00 194.00 217.00 OK

Check Details

Version: 0.3.0
Check: re-building of vignette outputs
Result: WARN
    Error(s) in re-building vignettes:
     ...
    --- re-building ‘Introduction_to_nimbleEcology.Rmd’ using rmarkdown
    Warning in engine$weave(file, quiet = quiet, encoding = enc) :
     Pandoc (>= 1.12.3) and/or pandoc-citeproc not available. Falling back to R Markdown v1.
    Quitting from lines 156-160 (Introduction_to_nimbleEcology.Rmd)
    Error: processing vignette 'Introduction_to_nimbleEcology.Rmd' failed with diagnostics:
    Failed to create the shared library. Run 'printErrors()' to see the compilation errors.
    
    --- failed re-building ‘Introduction_to_nimbleEcology.Rmd’
    
    SUMMARY: processing the following file failed:
     ‘Introduction_to_nimbleEcology.Rmd’
    
    Error: Vignette re-building failed.
    Execution halted
Flavor: r-patched-solaris-x86