CRAN Package Check Results for Package neuroim

Last updated on 2023-06-10 16:53:41 CEST.

Flavor Version Tinstall Tcheck Ttotal Status Flags
r-devel-linux-x86_64-debian-clang 0.0.6 39.09 193.56 232.65 OK
r-devel-linux-x86_64-debian-gcc 0.0.6 39.46 144.10 183.56 OK
r-devel-linux-x86_64-fedora-clang 0.0.6 310.95 NOTE
r-devel-linux-x86_64-fedora-gcc 0.0.6 314.48 NOTE
r-devel-windows-x86_64 0.0.6 38.00 199.00 237.00 OK
r-patched-linux-x86_64 0.0.6 29.95 180.76 210.71 OK
r-release-linux-x86_64 0.0.6 34.62 182.29 216.91 OK
r-release-macos-arm64 0.0.6 88.00 OK
r-release-macos-x86_64 0.0.6 151.00 OK
r-release-windows-x86_64 0.0.6 52.00 236.00 288.00 OK
r-oldrel-macos-arm64 0.0.6 69.00 OK
r-oldrel-macos-x86_64 0.0.6 128.00 OK
r-oldrel-windows-x86_64 0.0.6 49.00 210.00 259.00 OK

Check Details

Version: 0.0.6
Check: compiled code
Result: NOTE
    File ‘neuroim/libs/neuroim.so’:
     Found no calls to: ‘R_registerRoutines’, ‘R_useDynamicSymbols’
    
    It is good practice to register native routines and to disable symbol
    search.
    
    See ‘Writing portable packages’ in the ‘Writing R Extensions’ manual.
Flavors: r-devel-linux-x86_64-fedora-clang, r-devel-linux-x86_64-fedora-gcc