CRAN Package Check Results for Package networkR

Last updated on 2025-01-21 04:48:32 CET.

Flavor Version Tinstall Tcheck Ttotal Status Flags
r-devel-linux-x86_64-debian-clang 0.1.2 21.88 60.79 82.67 NOTE
r-devel-linux-x86_64-debian-gcc 0.1.2 16.51 44.56 61.07 NOTE
r-devel-linux-x86_64-fedora-clang 0.1.2 148.70 NOTE
r-devel-linux-x86_64-fedora-gcc 0.1.2 138.52 NOTE
r-devel-windows-x86_64 0.1.2 24.00 92.00 116.00 NOTE
r-patched-linux-x86_64 0.1.2 22.68 54.00 76.68 NOTE
r-release-linux-x86_64 0.1.2 21.82 54.22 76.04 NOTE
r-release-macos-arm64 0.1.2 36.00 NOTE
r-release-macos-x86_64 0.1.2 57.00 NOTE
r-release-windows-x86_64 0.1.2 26.00 97.00 123.00 NOTE
r-oldrel-macos-arm64 0.1.2 44.00 NOTE
r-oldrel-macos-x86_64 0.1.2 76.00 NOTE
r-oldrel-windows-x86_64 0.1.2 28.00 112.00 140.00 NOTE

Check Details

Version: 0.1.2
Check: C++ specification
Result: NOTE Specified C++11: please drop specification unless essential Flavors: r-devel-linux-x86_64-debian-clang, r-devel-linux-x86_64-debian-gcc, r-devel-linux-x86_64-fedora-clang, r-devel-linux-x86_64-fedora-gcc, r-devel-windows-x86_64, r-patched-linux-x86_64, r-release-linux-x86_64, r-release-macos-arm64, r-release-macos-x86_64, r-release-windows-x86_64, r-oldrel-macos-arm64, r-oldrel-macos-x86_64, r-oldrel-windows-x86_64