CRAN Package Check Results for Package networkR

Last updated on 2024-03-02 04:48:28 CET.

Flavor Version Tinstall Tcheck Ttotal Status Flags
r-devel-linux-x86_64-debian-clang 0.1.2 36.24 75.15 111.39 NOTE
r-devel-linux-x86_64-debian-gcc 0.1.2 28.47 58.20 86.67 NOTE
r-devel-linux-x86_64-fedora-clang 0.1.2 152.71 NOTE
r-devel-linux-x86_64-fedora-gcc 0.1.2 144.24 NOTE
r-devel-windows-x86_64 0.1.2 30.00 97.00 127.00 NOTE
r-patched-linux-x86_64 0.1.2 36.00 75.58 111.58 NOTE
r-release-linux-x86_64 0.1.2 39.82 75.66 115.48 NOTE
r-release-macos-arm64 0.1.2 44.00 NOTE
r-release-macos-x86_64 0.1.2 76.00 NOTE
r-release-windows-x86_64 0.1.2 38.00 114.00 152.00 NOTE
r-oldrel-macos-arm64 0.1.2 41.00 OK
r-oldrel-windows-x86_64 0.1.2 38.00 103.00 141.00 OK

Check Details

Version: 0.1.2
Check: C++ specification
Result: NOTE Specified C++11: please drop specification unless essential Flavors: r-devel-linux-x86_64-debian-clang, r-devel-linux-x86_64-debian-gcc, r-devel-linux-x86_64-fedora-clang, r-devel-linux-x86_64-fedora-gcc, r-devel-windows-x86_64, r-patched-linux-x86_64, r-release-linux-x86_64, r-release-macos-arm64, r-release-macos-x86_64, r-release-windows-x86_64