CRAN Package Check Results for Package nett

Last updated on 2024-03-02 16:54:51 CET.

Flavor Version Tinstall Tcheck Ttotal Status Flags
r-devel-linux-x86_64-debian-clang 1.0.0 44.50 363.67 408.17 NOTE
r-devel-linux-x86_64-debian-gcc 1.0.0 31.30 269.32 300.62 NOTE
r-devel-linux-x86_64-fedora-clang 1.0.0 506.51 NOTE
r-devel-linux-x86_64-fedora-gcc 1.0.0 499.01 NOTE
r-devel-windows-x86_64 1.0.0 35.00 464.00 499.00 OK
r-patched-linux-x86_64 1.0.0 41.39 356.12 397.51 OK
r-release-linux-x86_64 1.0.0 36.36 353.49 389.85 OK
r-release-macos-arm64 1.0.0 175.00 OK
r-release-macos-x86_64 1.0.0 292.00 OK
r-release-windows-x86_64 1.0.0 43.00 427.00 470.00 OK
r-oldrel-macos-arm64 1.0.0 164.00 OK
r-oldrel-windows-x86_64 1.0.0 41.00 418.00 459.00 OK

Check Details

Version: 1.0.0
Check: Rd files
Result: NOTE checkRd: (-1) spec_clust.Rd:33: Lost braces; missing escapes or markup? 33 | A label vector of size n x 1 with elements in {1,2,...,K} | ^ Flavors: r-devel-linux-x86_64-debian-clang, r-devel-linux-x86_64-debian-gcc, r-devel-linux-x86_64-fedora-clang, r-devel-linux-x86_64-fedora-gcc