Last updated on 2023-11-28 16:48:26 CET.
Flavor | Version | Tinstall | Tcheck | Ttotal | Status | Flags |
---|---|---|---|---|---|---|
r-devel-linux-x86_64-debian-clang | 1.3.2 | 7.93 | 69.75 | 77.68 | NOTE | |
r-devel-linux-x86_64-debian-gcc | 1.3.2 | 6.83 | 50.96 | 57.79 | NOTE | |
r-devel-linux-x86_64-fedora-clang | 1.3.2 | 95.01 | NOTE | |||
r-devel-linux-x86_64-fedora-gcc | 1.3.2 | 89.91 | NOTE | |||
r-devel-windows-x86_64 | 1.3.2 | 9.00 | 74.00 | 83.00 | NOTE | |
r-patched-linux-x86_64 | 1.3.2 | 8.17 | 64.07 | 72.24 | NOTE | |
r-release-linux-x86_64 | 1.3.2 | 9.09 | 64.95 | 74.04 | NOTE | |
r-release-macos-arm64 | 1.3.2 | 31.00 | NOTE | |||
r-release-macos-x86_64 | 1.3.2 | 47.00 | NOTE | |||
r-release-windows-x86_64 | 1.3.2 | 11.00 | 81.00 | 92.00 | NOTE | |
r-oldrel-macos-arm64 | 1.3.2 | 31.00 | NOTE | |||
r-oldrel-macos-x86_64 | 1.3.2 | 56.00 | NOTE | |||
r-oldrel-windows-x86_64 | 1.3.2 | 12.00 | 79.00 | 91.00 | NOTE |
Version: 1.3.2
Check: dependencies in R code
Result: NOTE
':::' call which should be '::': ‘lhs:::maximinLHS’
See the note in ?`:::` about the use of this operator.
Flavors: r-devel-linux-x86_64-debian-clang, r-devel-linux-x86_64-debian-gcc, r-devel-linux-x86_64-fedora-clang, r-devel-linux-x86_64-fedora-gcc, r-devel-windows-x86_64, r-patched-linux-x86_64, r-release-linux-x86_64, r-release-macos-arm64, r-release-macos-x86_64, r-release-windows-x86_64
Version: 1.3.2
Check: Rd files
Result: NOTE
checkRd: (-1) exportToTSPlibFormat.Rd:32: Escaped LaTeX specials: \_
checkRd: (-1) exportToTSPlibFormat.Rd:32: Escaped LaTeX specials: \_ \_
checkRd: (-1) makeNetwork.Rd:31: Escaped LaTeX specials: \_
Flavors: r-devel-linux-x86_64-debian-clang, r-devel-linux-x86_64-debian-gcc, r-devel-linux-x86_64-fedora-clang, r-devel-linux-x86_64-fedora-gcc, r-devel-windows-x86_64, r-patched-linux-x86_64, r-release-linux-x86_64, r-release-macos-arm64, r-release-macos-x86_64, r-release-windows-x86_64
Version: 1.3.2
Check: LazyData
Result: NOTE
'LazyData' is specified without a 'data' directory
Flavors: r-devel-linux-x86_64-debian-clang, r-devel-linux-x86_64-debian-gcc, r-devel-linux-x86_64-fedora-clang, r-devel-linux-x86_64-fedora-gcc, r-devel-windows-x86_64, r-patched-linux-x86_64, r-release-linux-x86_64, r-release-macos-arm64, r-release-macos-x86_64, r-release-windows-x86_64, r-oldrel-macos-arm64, r-oldrel-macos-x86_64, r-oldrel-windows-x86_64