CRAN Package Check Results for Package netcmc

Last updated on 2024-02-23 16:53:24 CET.

Flavor Version Tinstall Tcheck Ttotal Status Flags
r-devel-linux-x86_64-debian-clang 1.0.2 NOTE
r-devel-linux-x86_64-debian-gcc 1.0.2 614.49 95.76 710.25 NOTE
r-devel-linux-x86_64-fedora-clang 1.0.2 1593.17 NOTE
r-devel-linux-x86_64-fedora-gcc 1.0.2 1399.32 NOTE
r-devel-windows-x86_64 1.0.2 593.00 140.00 733.00 NOTE
r-patched-linux-x86_64 1.0.2 792.98 122.31 915.29 NOTE
r-release-linux-x86_64 1.0.2 774.56 124.53 899.09 NOTE
r-release-macos-arm64 1.0.2 290.00 NOTE
r-release-macos-x86_64 1.0.2 514.00 NOTE
r-release-windows-x86_64 1.0.2 760.00 173.00 933.00 NOTE
r-oldrel-macos-arm64 1.0.2 263.00 NOTE
r-oldrel-windows-x86_64 1.0.2 771.00 162.00 933.00 OK

Check Details

Version: 1.0.2
Check: C++ specification
Result: NOTE Specified C++11: please drop specification unless essential Flavors: r-devel-linux-x86_64-debian-clang, r-devel-linux-x86_64-debian-gcc, r-devel-linux-x86_64-fedora-clang, r-devel-linux-x86_64-fedora-gcc, r-devel-windows-x86_64, r-patched-linux-x86_64, r-release-linux-x86_64, r-release-macos-arm64, r-release-macos-x86_64, r-release-windows-x86_64

Version: 1.0.2
Check: installed package size
Result: NOTE installed size is 13.0Mb sub-directories of 1Mb or more: libs 12.7Mb Flavors: r-release-macos-arm64, r-release-macos-x86_64, r-oldrel-macos-arm64