CRAN Package Check Results for Package netchain

Last updated on 2020-08-09 15:47:51 CEST.

Flavor Version Tinstall Tcheck Ttotal Status Flags
r-devel-linux-x86_64-debian-clang 0.2.0 20.04 111.74 131.78 OK
r-devel-linux-x86_64-debian-gcc 0.2.0 16.30 77.59 93.89 OK
r-devel-linux-x86_64-fedora-clang 0.2.0 162.71 NOTE
r-devel-linux-x86_64-fedora-gcc 0.2.0 148.54 NOTE
r-devel-windows-ix86+x86_64 0.2.0 54.00 253.00 307.00 OK
r-patched-linux-x86_64 0.2.0 15.53 104.71 120.24 OK
r-patched-solaris-x86 0.2.0 167.70 NOTE
r-release-linux-x86_64 0.2.0 14.28 105.58 119.86 OK
r-release-macos-x86_64 0.2.0 NOTE
r-release-windows-ix86+x86_64 0.2.0 55.00 191.00 246.00 OK
r-oldrel-macos-x86_64 0.2.0 NOTE
r-oldrel-windows-ix86+x86_64 0.2.0 35.00 180.00 215.00 OK

Check Details

Version: 0.2.0
Check: dependencies in R code
Result: NOTE
    Namespaces in Imports field not imported from:
     ‘Matrix’ ‘igraph’
     All declared Imports should be used.
Flavors: r-devel-linux-x86_64-fedora-clang, r-devel-linux-x86_64-fedora-gcc, r-patched-solaris-x86, r-release-macos-x86_64, r-oldrel-macos-x86_64