Last updated on 2023-12-09 04:51:00 CET.
Flavor | Version | Tinstall | Tcheck | Ttotal | Status | Flags |
---|---|---|---|---|---|---|
r-devel-linux-x86_64-debian-clang | 1.0 | 9.42 | 61.61 | 71.03 | OK | |
r-devel-linux-x86_64-debian-gcc | 1.0 | 7.72 | 46.92 | 54.64 | OK | |
r-devel-linux-x86_64-fedora-clang | 1.0 | 90.69 | OK | |||
r-devel-linux-x86_64-fedora-gcc | 1.0 | 97.08 | OK | |||
r-devel-windows-x86_64 | 1.0 | 10.00 | 66.00 | 76.00 | OK | |
r-patched-linux-x86_64 | 1.0 | 7.13 | 60.60 | 67.73 | OK | |
r-release-linux-x86_64 | 1.0 | 7.28 | 60.80 | 68.08 | OK | |
r-release-macos-arm64 | 1.0 | 39.00 | OK | |||
r-release-macos-x86_64 | 1.0 | 57.00 | OK | |||
r-release-windows-x86_64 | 1.0 | 13.00 | 72.00 | 85.00 | OK | |
r-oldrel-macos-arm64 | 1.0 | 9.00 | ERROR | |||
r-oldrel-macos-x86_64 | 1.0 | 12.00 | ERROR | |||
r-oldrel-windows-x86_64 | 1.0 | 14.00 | 80.00 | 94.00 | OK |
Version: 1.0
Check: package dependencies
Result: ERROR
Packages required and available but unsuitable versions: 'stats', 'utils'
See section ‘The DESCRIPTION file’ in the ‘Writing R Extensions’
manual.
Flavors: r-oldrel-macos-arm64, r-oldrel-macos-x86_64