CRAN Package Check Results for Package neatStats

Last updated on 2020-10-30 03:50:19 CET.

Flavor Version Tinstall Tcheck Ttotal Status Flags
r-devel-linux-x86_64-debian-clang 1.5.1 8.68 74.67 83.35 NOTE
r-devel-linux-x86_64-debian-gcc 1.5.1 6.40 55.80 62.20 NOTE
r-devel-linux-x86_64-fedora-clang 1.5.1 107.83 NOTE
r-devel-linux-x86_64-fedora-gcc 1.5.1 95.44 NOTE
r-devel-windows-ix86+x86_64 1.5.1 22.00 77.00 99.00 OK
r-patched-linux-x86_64 1.5.1 8.57 69.27 77.84 NOTE
r-patched-solaris-x86 1.5.1 125.80 NOTE
r-release-linux-x86_64 1.5.1 8.54 68.86 77.40 NOTE
r-release-macos-x86_64 1.5.1 NOTE
r-release-windows-ix86+x86_64 1.5.1 14.00 104.00 118.00 OK
r-oldrel-macos-x86_64 1.5.1 NOTE
r-oldrel-windows-ix86+x86_64 1.5.1 15.00 68.00 83.00 OK

Check Details

Version: 1.5.1
Check: R code for possible problems
Result: NOTE
    Found the following assignments to the global environment:
    File 'neatStats/R/rbind_loop.R':
     assign(merged_str, to_merge, envir = .GlobalEnv)
     assign(merged_str, plyr::rbind.fill(merged, to_merge), envir = .GlobalEnv)
Flavors: r-devel-linux-x86_64-debian-clang, r-devel-linux-x86_64-debian-gcc, r-devel-linux-x86_64-fedora-clang, r-patched-linux-x86_64, r-release-linux-x86_64

Version: 1.5.1
Check: dependencies in R code
Result: NOTE
    Namespace in Imports field not imported from: ‘ez’
     All declared Imports should be used.
Flavors: r-devel-linux-x86_64-fedora-clang, r-devel-linux-x86_64-fedora-gcc, r-patched-solaris-x86, r-release-macos-x86_64, r-oldrel-macos-x86_64