CRAN Package Check Results for Package ndl

Last updated on 2020-08-06 15:49:39 CEST.

Flavor Version Tinstall Tcheck Ttotal Status Flags
r-devel-linux-x86_64-debian-clang 0.2.18 27.80 64.00 91.80 OK
r-devel-linux-x86_64-debian-gcc 0.2.18 20.09 48.24 68.33 OK
r-devel-linux-x86_64-fedora-clang 0.2.18 122.03 NOTE
r-devel-linux-x86_64-fedora-gcc 0.2.18 109.39 NOTE
r-devel-windows-ix86+x86_64 0.2.18 85.00 127.00 212.00 OK
r-patched-linux-x86_64 0.2.18 20.46 63.41 83.87 OK
r-patched-solaris-x86 0.2.18 138.60 NOTE
r-release-linux-x86_64 0.2.18 17.08 63.81 80.89 OK
r-release-macos-x86_64 0.2.18 NOTE
r-release-windows-ix86+x86_64 0.2.18 63.00 157.00 220.00 OK
r-oldrel-macos-x86_64 0.2.18 NOTE
r-oldrel-windows-ix86+x86_64 0.2.18 48.00 129.00 177.00 OK

Check Details

Version: 0.2.18
Check: data for non-ASCII characters
Result: NOTE
     Note: found 7332 marked UTF-8 strings
Flavors: r-devel-linux-x86_64-fedora-clang, r-devel-linux-x86_64-fedora-gcc, r-patched-solaris-x86, r-release-macos-x86_64, r-oldrel-macos-x86_64