CRAN Package Check Results for Package ndi

Last updated on 2023-12-06 16:53:19 CET.

Flavor Version Tinstall Tcheck Ttotal Status Flags
r-devel-linux-x86_64-debian-clang 0.1.4 16.11 140.95 157.06 NOTE
r-devel-linux-x86_64-debian-gcc 0.1.4 14.65 106.13 120.78 NOTE
r-devel-linux-x86_64-fedora-clang 0.1.4 193.65 NOTE
r-devel-linux-x86_64-fedora-gcc 0.1.4 195.20 OK
r-devel-windows-x86_64 0.1.4 15.00 115.00 130.00 OK
r-patched-linux-x86_64 0.1.4 18.72 132.44 151.16 OK
r-release-linux-x86_64 0.1.4 12.76 131.80 144.56 OK
r-release-macos-arm64 0.1.4 66.00 OK
r-release-macos-x86_64 0.1.4 101.00 OK
r-release-windows-x86_64 0.1.4 19.00 139.00 158.00 OK
r-oldrel-macos-arm64 0.1.4 45.00 OK
r-oldrel-macos-x86_64 0.1.4 74.00 OK
r-oldrel-windows-x86_64 0.1.4 20.00 139.00 159.00 OK

Check Details

Version: 0.1.4
Check: Rd files
Result: NOTE checkRd: (-1) anthopolos.Rd:36: Lost braces in \itemize; meant \describe ? checkRd: (-1) anthopolos.Rd:37: Lost braces in \itemize; meant \describe ? checkRd: (-1) anthopolos.Rd:38: Lost braces in \itemize; meant \describe ? checkRd: (-1) anthopolos.Rd:39: Lost braces in \itemize; meant \describe ? checkRd: (-1) anthopolos.Rd:40: Lost braces in \itemize; meant \describe ? checkRd: (-1) anthopolos.Rd:41: Lost braces in \itemize; meant \describe ? checkRd: (-1) anthopolos.Rd:42: Lost braces in \itemize; meant \describe ? checkRd: (-1) anthopolos.Rd:43: Lost braces in \itemize; meant \describe ? checkRd: (-1) anthopolos.Rd:44: Lost braces in \itemize; meant \describe ? checkRd: (-1) anthopolos.Rd:45: Lost braces in \itemize; meant \describe ? checkRd: (-1) anthopolos.Rd:46: Lost braces in \itemize; meant \describe ? checkRd: (-1) anthopolos.Rd:47: Lost braces in \itemize; meant \describe ? checkRd: (-1) anthopolos.Rd:48: Lost braces in \itemize; meant \describe ? checkRd: (-1) anthopolos.Rd:49: Lost braces in \itemize; meant \describe ? checkRd: (-1) anthopolos.Rd:50: Lost braces in \itemize; meant \describe ? checkRd: (-1) anthopolos.Rd:51: Lost braces in \itemize; meant \describe ? checkRd: (-1) anthopolos.Rd:52: Lost braces in \itemize; meant \describe ? checkRd: (-1) anthopolos.Rd:53: Lost braces in \itemize; meant \describe ? checkRd: (-1) anthopolos.Rd:54: Lost braces in \itemize; meant \describe ? checkRd: (-1) anthopolos.Rd:55: Lost braces in \itemize; meant \describe ? checkRd: (-1) atkinson.Rd:52: Lost braces in \itemize; meant \describe ? checkRd: (-1) atkinson.Rd:53: Lost braces in \itemize; meant \describe ? checkRd: (-1) atkinson.Rd:54: Lost braces in \itemize; meant \describe ? checkRd: (-1) atkinson.Rd:55: Lost braces in \itemize; meant \describe ? checkRd: (-1) atkinson.Rd:56: Lost braces in \itemize; meant \describe ? checkRd: (-1) atkinson.Rd:57: Lost braces in \itemize; meant \describe ? checkRd: (-1) atkinson.Rd:58: Lost braces in \itemize; meant \describe ? checkRd: (-1) atkinson.Rd:59: Lost braces in \itemize; meant \describe ? checkRd: (-1) atkinson.Rd:60: Lost braces in \itemize; meant \describe ? checkRd: (-1) atkinson.Rd:61: Lost braces in \itemize; meant \describe ? checkRd: (-1) atkinson.Rd:62: Lost braces in \itemize; meant \describe ? checkRd: (-1) atkinson.Rd:63: Lost braces in \itemize; meant \describe ? checkRd: (-1) atkinson.Rd:64: Lost braces in \itemize; meant \describe ? checkRd: (-1) atkinson.Rd:65: Lost braces in \itemize; meant \describe ? checkRd: (-1) atkinson.Rd:66: Lost braces in \itemize; meant \describe ? checkRd: (-1) atkinson.Rd:67: Lost braces in \itemize; meant \describe ? checkRd: (-1) atkinson.Rd:68: Lost braces in \itemize; meant \describe ? checkRd: (-1) atkinson.Rd:69: Lost braces in \itemize; meant \describe ? checkRd: (-1) atkinson.Rd:70: Lost braces in \itemize; meant \describe ? checkRd: (-1) atkinson.Rd:71: Lost braces in \itemize; meant \describe ? checkRd: (-1) bell.Rd:52: Lost braces in \itemize; meant \describe ? checkRd: (-1) bell.Rd:53: Lost braces in \itemize; meant \describe ? checkRd: (-1) bell.Rd:54: Lost braces in \itemize; meant \describe ? checkRd: (-1) bell.Rd:55: Lost braces in \itemize; meant \describe ? checkRd: (-1) bell.Rd:56: Lost braces in \itemize; meant \describe ? checkRd: (-1) bell.Rd:57: Lost braces in \itemize; meant \describe ? checkRd: (-1) bell.Rd:58: Lost braces in \itemize; meant \describe ? checkRd: (-1) bell.Rd:59: Lost braces in \itemize; meant \describe ? checkRd: (-1) bell.Rd:60: Lost braces in \itemize; meant \describe ? checkRd: (-1) bell.Rd:61: Lost braces in \itemize; meant \describe ? checkRd: (-1) bell.Rd:62: Lost braces in \itemize; meant \describe ? checkRd: (-1) bell.Rd:63: Lost braces in \itemize; meant \describe ? checkRd: (-1) bell.Rd:64: Lost braces in \itemize; meant \describe ? checkRd: (-1) bell.Rd:65: Lost braces in \itemize; meant \describe ? checkRd: (-1) bell.Rd:66: Lost braces in \itemize; meant \describe ? checkRd: (-1) bell.Rd:67: Lost braces in \itemize; meant \describe ? checkRd: (-1) bell.Rd:68: Lost braces in \itemize; meant \describe ? checkRd: (-1) bell.Rd:69: Lost braces in \itemize; meant \describe ? checkRd: (-1) bell.Rd:70: Lost braces in \itemize; meant \describe ? checkRd: (-1) bell.Rd:71: Lost braces in \itemize; meant \describe ? checkRd: (-1) bemanian_beyer.Rd:52: Lost braces in \itemize; meant \describe ? checkRd: (-1) bemanian_beyer.Rd:53: Lost braces in \itemize; meant \describe ? checkRd: (-1) bemanian_beyer.Rd:54: Lost braces in \itemize; meant \describe ? checkRd: (-1) bemanian_beyer.Rd:55: Lost braces in \itemize; meant \describe ? checkRd: (-1) bemanian_beyer.Rd:56: Lost braces in \itemize; meant \describe ? checkRd: (-1) bemanian_beyer.Rd:57: Lost braces in \itemize; meant \describe ? checkRd: (-1) bemanian_beyer.Rd:58: Lost braces in \itemize; meant \describe ? checkRd: (-1) bemanian_beyer.Rd:59: Lost braces in \itemize; meant \describe ? checkRd: (-1) bemanian_beyer.Rd:60: Lost braces in \itemize; meant \describe ? checkRd: (-1) bemanian_beyer.Rd:61: Lost braces in \itemize; meant \describe ? checkRd: (-1) bemanian_beyer.Rd:62: Lost braces in \itemize; meant \describe ? checkRd: (-1) bemanian_beyer.Rd:63: Lost braces in \itemize; meant \describe ? checkRd: (-1) bemanian_beyer.Rd:64: Lost braces in \itemize; meant \describe ? checkRd: (-1) bemanian_beyer.Rd:65: Lost braces in \itemize; meant \describe ? checkRd: (-1) bemanian_beyer.Rd:66: Lost braces in \itemize; meant \describe ? checkRd: (-1) bemanian_beyer.Rd:67: Lost braces in \itemize; meant \describe ? checkRd: (-1) bemanian_beyer.Rd:68: Lost braces in \itemize; meant \describe ? checkRd: (-1) bemanian_beyer.Rd:69: Lost braces in \itemize; meant \describe ? checkRd: (-1) bemanian_beyer.Rd:70: Lost braces in \itemize; meant \describe ? checkRd: (-1) bemanian_beyer.Rd:71: Lost braces in \itemize; meant \describe ? checkRd: (-1) bravo.Rd:36: Lost braces in \itemize; meant \describe ? checkRd: (-1) bravo.Rd:37: Lost braces in \itemize; meant \describe ? checkRd: (-1) bravo.Rd:38: Lost braces in \itemize; meant \describe ? checkRd: (-1) bravo.Rd:39: Lost braces in \itemize; meant \describe ? checkRd: (-1) bravo.Rd:40: Lost braces in \itemize; meant \describe ? checkRd: (-1) duncan.Rd:52: Lost braces in \itemize; meant \describe ? checkRd: (-1) duncan.Rd:53: Lost braces in \itemize; meant \describe ? checkRd: (-1) duncan.Rd:54: Lost braces in \itemize; meant \describe ? checkRd: (-1) duncan.Rd:55: Lost braces in \itemize; meant \describe ? checkRd: (-1) duncan.Rd:56: Lost braces in \itemize; meant \describe ? checkRd: (-1) duncan.Rd:57: Lost braces in \itemize; meant \describe ? checkRd: (-1) duncan.Rd:58: Lost braces in \itemize; meant \describe ? checkRd: (-1) duncan.Rd:59: Lost braces in \itemize; meant \describe ? checkRd: (-1) duncan.Rd:60: Lost braces in \itemize; meant \describe ? checkRd: (-1) duncan.Rd:61: Lost braces in \itemize; meant \describe ? checkRd: (-1) duncan.Rd:62: Lost braces in \itemize; meant \describe ? checkRd: (-1) duncan.Rd:63: Lost braces in \itemize; meant \describe ? checkRd: (-1) duncan.Rd:64: Lost braces in \itemize; meant \describe ? checkRd: (-1) duncan.Rd:65: Lost braces in \itemize; meant \describe ? checkRd: (-1) duncan.Rd:66: Lost braces in \itemize; meant \describe ? checkRd: (-1) duncan.Rd:67: Lost braces in \itemize; meant \describe ? checkRd: (-1) duncan.Rd:68: Lost braces in \itemize; meant \describe ? checkRd: (-1) duncan.Rd:69: Lost braces in \itemize; meant \describe ? checkRd: (-1) duncan.Rd:70: Lost braces in \itemize; meant \describe ? checkRd: (-1) duncan.Rd:71: Lost braces in \itemize; meant \describe ? checkRd: (-1) krieger.Rd:33: Lost braces in \itemize; meant \describe ? checkRd: (-1) krieger.Rd:34: Lost braces in \itemize; meant \describe ? checkRd: (-1) krieger.Rd:35: Lost braces in \itemize; meant \describe ? checkRd: (-1) krieger.Rd:36: Lost braces in \itemize; meant \describe ? checkRd: (-1) krieger.Rd:37: Lost braces in \itemize; meant \describe ? checkRd: (-1) krieger.Rd:42: Lost braces in \itemize; meant \describe ? checkRd: (-1) krieger.Rd:43: Lost braces in \itemize; meant \describe ? checkRd: (-1) krieger.Rd:44: Lost braces in \itemize; meant \describe ? checkRd: (-1) krieger.Rd:45: Lost braces in \itemize; meant \describe ? checkRd: (-1) krieger.Rd:46: Lost braces in \itemize; meant \describe ? checkRd: (-1) messer.Rd:49: Lost braces in \itemize; meant \describe ? checkRd: (-1) messer.Rd:50: Lost braces in \itemize; meant \describe ? checkRd: (-1) messer.Rd:51: Lost braces in \itemize; meant \describe ? checkRd: (-1) messer.Rd:52: Lost braces in \itemize; meant \describe ? checkRd: (-1) messer.Rd:53: Lost braces in \itemize; meant \describe ? checkRd: (-1) messer.Rd:54: Lost braces in \itemize; meant \describe ? checkRd: (-1) messer.Rd:55: Lost braces in \itemize; meant \describe ? checkRd: (-1) messer.Rd:56: Lost braces in \itemize; meant \describe ? checkRd: (-1) messer.Rd:57: Lost braces in \itemize; meant \describe ? checkRd: (-1) powell_wiley.Rd:50: Lost braces in \itemize; meant \describe ? checkRd: (-1) powell_wiley.Rd:51: Lost braces in \itemize; meant \describe ? checkRd: (-1) powell_wiley.Rd:52: Lost braces in \itemize; meant \describe ? checkRd: (-1) powell_wiley.Rd:53: Lost braces in \itemize; meant \describe ? checkRd: (-1) powell_wiley.Rd:54: Lost braces in \itemize; meant \describe ? checkRd: (-1) powell_wiley.Rd:55: Lost braces in \itemize; meant \describe ? checkRd: (-1) powell_wiley.Rd:56: Lost braces in \itemize; meant \describe ? checkRd: (-1) powell_wiley.Rd:57: Lost braces in \itemize; meant \describe ? checkRd: (-1) powell_wiley.Rd:58: Lost braces in \itemize; meant \describe ? checkRd: (-1) powell_wiley.Rd:59: Lost braces in \itemize; meant \describe ? checkRd: (-1) powell_wiley.Rd:60: Lost braces in \itemize; meant \describe ? checkRd: (-1) powell_wiley.Rd:61: Lost braces in \itemize; meant \describe ? checkRd: (-1) powell_wiley.Rd:62: Lost braces in \itemize; meant \describe ? checkRd: (-1) sudano.Rd:49: Lost braces in \itemize; meant \describe ? checkRd: (-1) sudano.Rd:50: Lost braces in \itemize; meant \describe ? checkRd: (-1) sudano.Rd:51: Lost braces in \itemize; meant \describe ? checkRd: (-1) sudano.Rd:52: Lost braces in \itemize; meant \describe ? checkRd: (-1) sudano.Rd:53: Lost braces in \itemize; meant \describe ? checkRd: (-1) sudano.Rd:54: Lost braces in \itemize; meant \describe ? checkRd: (-1) sudano.Rd:55: Lost braces in \itemize; meant \describe ? checkRd: (-1) sudano.Rd:56: Lost braces in \itemize; meant \describe ? checkRd: (-1) sudano.Rd:57: Lost braces in \itemize; meant \describe ? checkRd: (-1) sudano.Rd:58: Lost braces in \itemize; meant \describe ? checkRd: (-1) sudano.Rd:59: Lost braces in \itemize; meant \describe ? checkRd: (-1) sudano.Rd:60: Lost braces in \itemize; meant \describe ? checkRd: (-1) sudano.Rd:61: Lost braces in \itemize; meant \describe ? checkRd: (-1) sudano.Rd:62: Lost braces in \itemize; meant \describe ? checkRd: (-1) sudano.Rd:63: Lost braces in \itemize; meant \describe ? checkRd: (-1) sudano.Rd:64: Lost braces in \itemize; meant \describe ? checkRd: (-1) sudano.Rd:65: Lost braces in \itemize; meant \describe ? checkRd: (-1) sudano.Rd:66: Lost braces in \itemize; meant \describe ? checkRd: (-1) sudano.Rd:67: Lost braces in \itemize; meant \describe ? checkRd: (-1) sudano.Rd:68: Lost braces in \itemize; meant \describe ? checkRd: (-1) white.Rd:49: Lost braces in \itemize; meant \describe ? checkRd: (-1) white.Rd:50: Lost braces in \itemize; meant \describe ? checkRd: (-1) white.Rd:51: Lost braces in \itemize; meant \describe ? checkRd: (-1) white.Rd:52: Lost braces in \itemize; meant \describe ? checkRd: (-1) white.Rd:53: Lost braces in \itemize; meant \describe ? checkRd: (-1) white.Rd:54: Lost braces in \itemize; meant \describe ? checkRd: (-1) white.Rd:55: Lost braces in \itemize; meant \describe ? checkRd: (-1) white.Rd:56: Lost braces in \itemize; meant \describe ? checkRd: (-1) white.Rd:57: Lost braces in \itemize; meant \describe ? checkRd: (-1) white.Rd:58: Lost braces in \itemize; meant \describe ? checkRd: (-1) white.Rd:59: Lost braces in \itemize; meant \describe ? checkRd: (-1) white.Rd:60: Lost braces in \itemize; meant \describe ? checkRd: (-1) white.Rd:61: Lost braces in \itemize; meant \describe ? checkRd: (-1) white.Rd:62: Lost braces in \itemize; meant \describe ? checkRd: (-1) white.Rd:63: Lost braces in \itemize; meant \describe ? checkRd: (-1) white.Rd:64: Lost braces in \itemize; meant \describe ? checkRd: (-1) white.Rd:65: Lost braces in \itemize; meant \describe ? checkRd: (-1) white.Rd:66: Lost braces in \itemize; meant \describe ? checkRd: (-1) white.Rd:67: Lost braces in \itemize; meant \describe ? checkRd: (-1) white.Rd:68: Lost braces in \itemize; meant \describe ? Flavors: r-devel-linux-x86_64-debian-clang, r-devel-linux-x86_64-debian-gcc

Version: 0.1.4
Check: Rd cross-references
Result: NOTE Undeclared package ‘DescTools’ in Rd xrefs Flavor: r-devel-linux-x86_64-fedora-clang