Last updated on 2023-12-04 05:09:13 CET.
Flavor | Version | Tinstall | Tcheck | Ttotal | Status | Flags |
---|---|---|---|---|---|---|
r-devel-linux-x86_64-debian-clang | 2.6.25 | 159.05 | 55.00 | 214.05 | OK | |
r-devel-linux-x86_64-debian-gcc | 2.6.25 | 118.91 | 41.17 | 160.08 | OK | |
r-devel-linux-x86_64-fedora-clang | 2.6.25 | 350.46 | OK | |||
r-devel-linux-x86_64-fedora-gcc | 2.6.25 | 350.57 | OK | |||
r-patched-linux-x86_64 | 2.6.23 | 99.36 | 52.44 | 151.80 | OK | |
r-release-linux-x86_64 | 2.6.25 | 102.58 | 52.15 | 154.73 | OK | |
r-release-macos-arm64 | 2.6.25 | 80.00 | NOTE | |||
r-release-macos-x86_64 | 2.6.25 | 117.00 | NOTE | |||
r-oldrel-macos-arm64 | 2.6.25 | 72.00 | NOTE | |||
r-oldrel-macos-x86_64 | 2.6.23 | 109.00 | NOTE |
Version: 2.6.25
Check: installed package size
Result: NOTE
installed size is 11.5Mb
sub-directories of 1Mb or more:
libs 10.9Mb
Flavors: r-release-macos-arm64, r-release-macos-x86_64, r-oldrel-macos-arm64
Version: 2.6.23
Check: installed package size
Result: NOTE
installed size is 11.6Mb
sub-directories of 1Mb or more:
libs 11.0Mb
Flavor: r-oldrel-macos-x86_64