CRAN Package Check Results for Package nLTT

Last updated on 2024-02-23 05:07:26 CET.

Flavor Version Tinstall Tcheck Ttotal Status Flags
r-devel-linux-x86_64-debian-clang 1.4.9 NOTE
r-devel-linux-x86_64-debian-gcc 1.4.9 2.77 69.47 72.24 NOTE
r-devel-linux-x86_64-fedora-clang 1.4.9 117.81 OK
r-devel-linux-x86_64-fedora-gcc 1.4.9 124.63 OK
r-devel-windows-x86_64 1.4.9 4.00 92.00 96.00 OK
r-patched-linux-x86_64 1.4.9 3.86 94.73 98.59 OK
r-release-linux-x86_64 1.4.9 3.79 95.83 99.62 OK
r-release-macos-arm64 1.4.9 51.00 OK
r-release-macos-x86_64 1.4.9 92.00 OK
r-release-windows-x86_64 1.4.9 5.00 109.00 114.00 OK
r-oldrel-macos-arm64 1.4.9 37.00 OK
r-oldrel-windows-x86_64 1.4.9 5.00 103.00 108.00 OK

Check Details

Version: 1.4.9
Check: Rd files
Result: NOTE checkRd: (-1) check_input_event_times.Rd:16-17: Lost braces in \itemize; meant \describe ? checkRd: (-1) check_input_event_times.Rd:18-19: Lost braces in \itemize; meant \describe ? checkRd: (-1) check_time_unit.Rd:12-13: Lost braces in \itemize; meant \describe ? checkRd: (-1) check_time_unit.Rd:14-15: Lost braces in \itemize; meant \describe ? checkRd: (-1) default_params_doc.Rd:30-31: Lost braces in \itemize; meant \describe ? checkRd: (-1) default_params_doc.Rd:32-33: Lost braces in \itemize; meant \describe ? checkRd: (-1) nltt_diff_exact_brts.Rd:30: Lost braces in \itemize; meant \describe ? checkRd: (-1) nltt_diff_exact_brts.Rd:31: Lost braces in \itemize; meant \describe ? checkRd: (-1) nltt_diff_exact_brts.Rd:36-37: Lost braces in \itemize; meant \describe ? checkRd: (-1) nltt_diff_exact_brts.Rd:38-39: Lost braces in \itemize; meant \describe ? checkRd: (-1) nltt_diff_exact_extinct.Rd:31: Lost braces in \itemize; meant \describe ? checkRd: (-1) nltt_diff_exact_extinct.Rd:32: Lost braces in \itemize; meant \describe ? checkRd: (-1) nltt_diff_exact_extinct.Rd:37-38: Lost braces in \itemize; meant \describe ? checkRd: (-1) nltt_diff_exact_extinct.Rd:39-40: Lost braces in \itemize; meant \describe ? Flavors: r-devel-linux-x86_64-debian-clang, r-devel-linux-x86_64-debian-gcc