CRAN Package Check Results for Package mzipmed

Last updated on 2024-02-27 16:49:22 CET.

Flavor Version Tinstall Tcheck Ttotal Status Flags
r-devel-linux-x86_64-debian-clang 1.4.0 18.38 86.06 104.44 NOTE
r-devel-linux-x86_64-debian-gcc 1.4.0 13.90 61.58 75.48 NOTE
r-devel-linux-x86_64-fedora-clang 1.4.0 130.93 NOTE
r-devel-linux-x86_64-fedora-gcc 1.4.0 134.02 NOTE
r-devel-windows-x86_64 1.4.0 16.00 81.00 97.00 OK
r-patched-linux-x86_64 1.4.0 19.09 84.77 103.86 OK
r-release-linux-x86_64 1.4.0 18.50 84.43 102.93 OK
r-release-macos-arm64 1.4.0 53.00 OK
r-release-macos-x86_64 1.4.0 118.00 OK
r-release-windows-x86_64 1.4.0 20.00 93.00 113.00 OK
r-oldrel-macos-arm64 1.4.0 39.00 OK
r-oldrel-windows-x86_64 1.4.0 21.00 93.00 114.00 OK

Check Details

Version: 1.4.0
Check: Rd files
Result: NOTE checkRd: (-1) mzipmed_data.Rd:22: Lost braces; missing escapes or markup? 22 | @source {Simulated to serve as an example} | ^ Flavors: r-devel-linux-x86_64-debian-clang, r-devel-linux-x86_64-debian-gcc, r-devel-linux-x86_64-fedora-clang, r-devel-linux-x86_64-fedora-gcc