CRAN Package Check Results for Package mvtnorm

Last updated on 2020-07-14 16:48:00 CEST.

Flavor Version Tinstall Tcheck Ttotal Status Flags
r-devel-linux-x86_64-debian-clang 1.1-1 5.44 78.19 83.63 OK
r-devel-linux-x86_64-debian-gcc 1.1-1 4.40 55.43 59.83 OK
r-devel-linux-x86_64-fedora-clang 1.1-1 113.05 OK
r-devel-linux-x86_64-fedora-gcc 1.1-1 104.68 OK
r-devel-windows-ix86+x86_64 1.1-1 21.00 192.00 213.00 OK
r-patched-linux-x86_64 1.1-1 4.65 77.74 82.39 OK
r-patched-solaris-x86 1.1-1 154.50 OK
r-release-linux-x86_64 1.1-1 4.46 77.87 82.33 OK
r-release-macos-x86_64 1.1-1 ERROR
r-release-windows-ix86+x86_64 1.1-1 27.00 192.00 219.00 OK
r-oldrel-macos-x86_64 1.1-1 OK
r-oldrel-windows-ix86+x86_64 1.1-1 35.00 197.00 232.00 OK

Check Details

Version: 1.1-1
Check: whether package can be installed
Result: ERROR
    Installation failed.
Flavor: r-release-macos-x86_64