Last updated on 2023-12-10 16:51:20 CET.
Flavor | Version | Tinstall | Tcheck | Ttotal | Status | Flags |
---|---|---|---|---|---|---|
r-devel-linux-x86_64-debian-clang | 2.1.1 | 6.38 | 50.50 | 56.88 | NOTE | |
r-devel-linux-x86_64-debian-gcc | 2.1.1 | 3.60 | 38.57 | 42.17 | NOTE | |
r-devel-linux-x86_64-fedora-clang | 2.1.1 | 72.99 | NOTE | |||
r-devel-linux-x86_64-fedora-gcc | 2.1.1 | 68.46 | NOTE | |||
r-devel-windows-x86_64 | 2.1.1 | 6.00 | 64.00 | 70.00 | NOTE | |
r-patched-linux-x86_64 | 2.1.1 | 7.94 | 49.48 | 57.42 | NOTE | |
r-release-linux-x86_64 | 2.1.1 | 6.03 | 48.67 | 54.70 | NOTE | |
r-release-macos-arm64 | 2.1.1 | 27.00 | NOTE | |||
r-release-macos-x86_64 | 2.1.1 | 37.00 | NOTE | |||
r-release-windows-x86_64 | 2.1.1 | 7.00 | 70.00 | 77.00 | NOTE | |
r-oldrel-macos-arm64 | 2.1.1 | 24.00 | OK | |||
r-oldrel-macos-x86_64 | 2.1.1 | 31.00 | OK | |||
r-oldrel-windows-x86_64 | 2.1.1 | 8.00 | 76.00 | 84.00 | OK |
Version: 2.1.1
Check: Rd files
Result: NOTE
checkRd: (-1) pkb.Rd:14: Escaped LaTeX specials: \# \# \#
Flavors: r-devel-linux-x86_64-debian-clang, r-devel-linux-x86_64-debian-gcc, r-devel-linux-x86_64-fedora-clang, r-devel-linux-x86_64-fedora-gcc, r-devel-windows-x86_64, r-patched-linux-x86_64, r-release-linux-x86_64, r-release-macos-arm64, r-release-macos-x86_64, r-release-windows-x86_64